CRAN Package Check Results for Package rabhit

Last updated on 2021-10-18 00:48:24 CEST.

Flavor Version Tinstall Tcheck Ttotal Status Flags
r-devel-linux-x86_64-debian-clang 0.1.5 43.15 432.67 475.82 WARN
r-devel-linux-x86_64-debian-gcc 0.1.5 35.69 327.53 363.22 WARN
r-devel-linux-x86_64-fedora-clang 0.1.5 575.05 WARN
r-devel-linux-x86_64-fedora-gcc 0.1.5 350.94 WARN
r-devel-windows-x86_64 0.1.5 67.00 396.00 463.00 WARN
r-devel-windows-x86_64-gcc10-UCRT 0.1.5 WARN
r-patched-linux-x86_64 0.1.5 41.18 412.53 453.71 WARN
r-patched-solaris-x86 0.1.5 705.00 OK
r-release-linux-x86_64 0.1.5 39.17 415.00 454.17 WARN
r-release-macos-arm64 0.1.5 OK
r-release-macos-x86_64 0.1.5 OK
r-release-windows-ix86+x86_64 0.1.5 101.00 479.00 580.00 WARN
r-oldrel-macos-x86_64 0.1.5 OK
r-oldrel-windows-ix86+x86_64 0.1.5 101.00 587.00 688.00 OK

Check Details

Version: 0.1.5
Check: re-building of vignette outputs
Result: WARN
    Error(s) in re-building vignettes:
     ...
    --- re-building 'RAbHIT-vignette.Rmd' using rmarkdown
    Loading required package: ggplot2
    RAbHIT version: 0.1.5
    Quitting from lines 290-292 (RAbHIT-vignette.Rmd)
    Error: processing vignette 'RAbHIT-vignette.Rmd' failed with diagnostics:
    subscript out of bounds
    --- failed re-building 'RAbHIT-vignette.Rmd'
    
    SUMMARY: processing the following file failed:
     'RAbHIT-vignette.Rmd'
    
    Error: Vignette re-building failed.
    Execution halted
Flavors: r-devel-linux-x86_64-debian-clang, r-devel-linux-x86_64-debian-gcc, r-patched-linux-x86_64, r-release-linux-x86_64

Version: 0.1.5
Check: re-building of vignette outputs
Result: WARN
    Error(s) in re-building vignettes:
    --- re-building ‘RAbHIT-vignette.Rmd’ using rmarkdown
    Loading required package: ggplot2
    RAbHIT version: 0.1.5
    Quitting from lines 290-292 (RAbHIT-vignette.Rmd)
    Error: processing vignette 'RAbHIT-vignette.Rmd' failed with diagnostics:
    subscript out of bounds
    --- failed re-building ‘RAbHIT-vignette.Rmd’
    
    SUMMARY: processing the following file failed:
     ‘RAbHIT-vignette.Rmd’
    
    Error: Vignette re-building failed.
    Execution halted
Flavors: r-devel-linux-x86_64-fedora-clang, r-devel-linux-x86_64-fedora-gcc, r-devel-windows-x86_64, r-devel-windows-x86_64-gcc10-UCRT, r-release-windows-ix86+x86_64