CRAN Package Check Results for Package rabi

Last updated on 2022-01-28 00:49:05 CET.

Flavor Version Tinstall Tcheck Ttotal Status Flags
r-devel-linux-x86_64-debian-clang 1.0.2 2.61 57.69 60.30 NOTE
r-devel-linux-x86_64-debian-gcc 1.0.2 3.23 57.06 60.29 NOTE
r-devel-linux-x86_64-fedora-clang 1.0.2 69.01 NOTE
r-devel-linux-x86_64-fedora-gcc 1.0.2 62.43 NOTE
r-devel-windows-x86_64-new-UL 1.0.2 19.00 78.00 97.00 NOTE
r-devel-windows-x86_64-new-TK 1.0.2 NOTE
r-patched-linux-x86_64 1.0.2 2.98 53.81 56.79 NOTE
r-release-linux-x86_64 1.0.2 2.33 59.73 62.06 NOTE
r-release-macos-arm64 1.0.2 NOTE
r-release-macos-x86_64 1.0.2 NOTE
r-release-windows-ix86+x86_64 1.0.2 9.00 65.00 74.00 NOTE
r-oldrel-macos-x86_64 1.0.2 OK
r-oldrel-windows-ix86+x86_64 1.0.2 10.00 67.00 77.00 OK

Check Details

Version: 1.0.2
Check: LazyData
Result: NOTE
     'LazyData' is specified without a 'data' directory
Flavors: r-devel-linux-x86_64-debian-clang, r-devel-linux-x86_64-debian-gcc, r-devel-linux-x86_64-fedora-clang, r-devel-linux-x86_64-fedora-gcc, r-devel-windows-x86_64-new-UL, r-devel-windows-x86_64-new-TK, r-patched-linux-x86_64, r-release-linux-x86_64, r-release-macos-arm64, r-release-macos-x86_64, r-release-windows-ix86+x86_64