CRAN Package Check Results for Package rabi

Last updated on 2023-10-04 00:58:34 CEST.

Flavor Version Tinstall Tcheck Ttotal Status Flags
r-devel-linux-x86_64-debian-clang 1.0.2 4.33 54.18 58.51 NOTE
r-devel-linux-x86_64-debian-gcc 1.0.2 3.45 59.30 62.75 NOTE
r-devel-linux-x86_64-fedora-clang 1.0.2 65.73 NOTE
r-devel-linux-x86_64-fedora-gcc 1.0.2 78.90 NOTE
r-devel-windows-x86_64 1.0.2 5.00 59.00 64.00 NOTE
r-patched-linux-x86_64 1.0.2 3.86 68.51 72.37 NOTE
r-release-linux-x86_64 1.0.2 4.11 55.19 59.30 NOTE
r-release-macos-arm64 1.0.2 30.00 NOTE
r-release-macos-x86_64 1.0.2 46.00 NOTE
r-release-windows-x86_64 1.0.2 8.00 63.00 71.00 NOTE
r-oldrel-macos-arm64 1.0.2 24.00 NOTE
r-oldrel-macos-x86_64 1.0.2 41.00 NOTE
r-oldrel-windows-x86_64 1.0.2 7.00 70.00 77.00 NOTE

Check Details

Version: 1.0.2
Check: LazyData
Result: NOTE
     'LazyData' is specified without a 'data' directory
Flavors: r-devel-linux-x86_64-debian-clang, r-devel-linux-x86_64-debian-gcc, r-devel-linux-x86_64-fedora-clang, r-devel-linux-x86_64-fedora-gcc, r-devel-windows-x86_64, r-patched-linux-x86_64, r-release-linux-x86_64, r-release-macos-arm64, r-release-macos-x86_64, r-release-windows-x86_64, r-oldrel-macos-arm64, r-oldrel-macos-x86_64, r-oldrel-windows-x86_64