Last updated on 2023-06-02 01:00:35 CEST.
Flavor | Version | Tinstall | Tcheck | Ttotal | Status | Flags |
---|---|---|---|---|---|---|
r-devel-linux-x86_64-debian-clang | 1.1.1 | 5.72 | 605.03 | 610.75 | OK | |
r-devel-linux-x86_64-debian-gcc | 1.1.1 | 5.90 | 451.35 | 457.25 | OK | |
r-devel-linux-x86_64-fedora-clang | 1.1.1 | 735.92 | OK | |||
r-devel-linux-x86_64-fedora-gcc | 1.1.1 | 712.74 | OK | |||
r-devel-windows-x86_64 | 1.1.1 | 8.00 | 392.00 | 400.00 | OK | |
r-patched-linux-x86_64 | 1.1.1 | OK | ||||
r-release-linux-x86_64 | 1.1.1 | 6.33 | 565.02 | 571.35 | OK | |
r-release-macos-arm64 | 1.1.1 | 180.00 | ERROR | |||
r-release-macos-x86_64 | 1.1.1 | 349.00 | OK | |||
r-release-windows-x86_64 | 1.1.1 | 10.00 | 519.00 | 529.00 | OK | |
r-oldrel-macos-arm64 | 1.1.1 | 179.00 | ERROR | |||
r-oldrel-macos-x86_64 | 1.1.1 | 231.00 | OK | |||
r-oldrel-windows-x86_64 | 1.1.1 | 12.00 | 532.00 | 544.00 | OK |
Version: 1.1.1
Check: re-building of vignette outputs
Result: ERROR
Error(s) in re-building vignettes:
...
--- re-building ‘ragtop_convertibles_in_r.Rmd’ using rmarkdown
Quitting from lines 425-461 (ragtop_convertibles_in_r.Rmd)
Error: processing vignette 'ragtop_convertibles_in_r.Rmd' failed with diagnostics:
argument is of length zero
--- failed re-building ‘ragtop_convertibles_in_r.Rmd’
SUMMARY: processing the following file failed:
‘ragtop_convertibles_in_r.Rmd’
Error: Vignette re-building failed.
Execution halted
Flavors: r-release-macos-arm64, r-oldrel-macos-arm64