CRAN Package Check Results for Package ramlegacy

Last updated on 2023-09-24 23:59:58 CEST.

Flavor Version Tinstall Tcheck Ttotal Status Flags
r-devel-linux-x86_64-debian-clang 0.2.0 2.73 33.75 36.48 NOTE
r-devel-linux-x86_64-debian-gcc 0.2.0 2.17 26.12 28.29 NOTE
r-devel-linux-x86_64-fedora-clang 0.2.0 45.78 NOTE
r-devel-linux-x86_64-fedora-gcc 0.2.0 55.98 NOTE
r-devel-windows-x86_64 0.2.0 4.00 52.00 56.00 NOTE
r-patched-linux-x86_64 0.2.0 1.97 33.31 35.28 NOTE
r-release-linux-x86_64 0.2.0 1.62 32.77 34.39 NOTE
r-release-macos-arm64 0.2.0 28.00 NOTE
r-release-macos-x86_64 0.2.0 38.00 NOTE
r-release-windows-x86_64 0.2.0 5.00 51.00 56.00 NOTE
r-oldrel-macos-arm64 0.2.0 22.00 NOTE
r-oldrel-macos-x86_64 0.2.0 36.00 NOTE
r-oldrel-windows-x86_64 0.2.0 5.00 56.00 61.00 NOTE

Check Details

Version: 0.2.0
Check: LazyData
Result: NOTE
     'LazyData' is specified without a 'data' directory
Flavors: r-devel-linux-x86_64-debian-clang, r-devel-linux-x86_64-debian-gcc, r-devel-linux-x86_64-fedora-clang, r-devel-linux-x86_64-fedora-gcc, r-devel-windows-x86_64, r-patched-linux-x86_64, r-release-linux-x86_64, r-release-macos-arm64, r-release-macos-x86_64, r-release-windows-x86_64, r-oldrel-macos-arm64, r-oldrel-macos-x86_64, r-oldrel-windows-x86_64