CRAN Package Check Results for Package random.cdisc.data

Last updated on 2024-07-14 00:55:32 CEST.

Flavor Version Tinstall Tcheck Ttotal Status Flags
r-devel-linux-x86_64-debian-clang 0.3.15 18.13 240.45 258.58 OK
r-devel-linux-x86_64-debian-gcc 0.3.15 11.56 166.79 178.35 OK
r-devel-linux-x86_64-fedora-clang 0.3.15 305.31 NOTE
r-devel-linux-x86_64-fedora-gcc 0.3.15 301.87 OK
r-devel-windows-x86_64 0.3.15 16.00 174.00 190.00 NOTE
r-patched-linux-x86_64 0.3.15 12.43 221.70 234.13 OK
r-release-linux-x86_64 0.3.15 9.75 221.62 231.37 OK
r-release-macos-arm64 0.3.15 84.00 NOTE
r-release-macos-x86_64 0.3.15 145.00 NOTE
r-release-windows-x86_64 0.3.15 14.00 174.00 188.00 NOTE
r-oldrel-macos-arm64 0.3.15 86.00 NOTE
r-oldrel-macos-x86_64 0.3.15 177.00 NOTE
r-oldrel-windows-x86_64 0.3.15 19.00 218.00 237.00 NOTE

Check Details

Version: 0.3.15
Check: installed package size
Result: NOTE installed size is 5.2Mb sub-directories of 1Mb or more: data 4.6Mb Flavors: r-devel-linux-x86_64-fedora-clang, r-devel-windows-x86_64, r-release-macos-arm64, r-release-macos-x86_64, r-release-windows-x86_64, r-oldrel-macos-arm64, r-oldrel-macos-x86_64, r-oldrel-windows-x86_64