CRAN Package Check Results for Package rangemap

Last updated on 2021-10-25 00:49:22 CEST.

Flavor Version Tinstall Tcheck Ttotal Status Flags
r-devel-linux-x86_64-debian-clang 0.1.18 30.57 305.34 335.91 OK
r-devel-linux-x86_64-debian-gcc 0.1.18 26.01 226.67 252.68 OK
r-devel-linux-x86_64-fedora-clang 0.1.18 403.81 NOTE
r-devel-linux-x86_64-fedora-gcc 0.1.18 400.68 NOTE
r-devel-windows-x86_64 0.1.18 56.00 269.00 325.00 OK
r-devel-windows-x86_64-gcc10-UCRT 0.1.18 NOTE
r-patched-linux-x86_64 0.1.18 32.07 294.05 326.12 OK
r-patched-solaris-x86 0.1.18 305.80 NOTE
r-release-linux-x86_64 0.1.18 34.74 293.38 328.12 OK
r-release-macos-arm64 0.1.18 NOTE
r-release-macos-x86_64 0.1.18 NOTE
r-release-windows-ix86+x86_64 0.1.18 56.00 374.00 430.00 OK
r-oldrel-macos-x86_64 0.1.18 NOTE
r-oldrel-windows-ix86+x86_64 0.1.18 50.00 246.00 296.00 OK

Check Details

Version: 0.1.18
Check: data for non-ASCII characters
Result: NOTE
     Note: found 7734 marked UTF-8 strings
Flavors: r-devel-linux-x86_64-fedora-clang, r-devel-linux-x86_64-fedora-gcc, r-devel-windows-x86_64-gcc10-UCRT, r-patched-solaris-x86, r-release-macos-arm64, r-release-macos-x86_64, r-oldrel-macos-x86_64