CRAN Package Check Results for Package rankFD

Last updated on 2021-10-20 00:49:50 CEST.

Flavor Version Tinstall Tcheck Ttotal Status Flags
r-devel-linux-x86_64-debian-clang 0.1.0 11.74 85.49 97.23 OK
r-devel-linux-x86_64-debian-gcc 0.1.0 10.17 66.09 76.26 OK
r-devel-linux-x86_64-fedora-clang 0.1.0 128.99 NOTE
r-devel-linux-x86_64-fedora-gcc 0.1.0 116.91 OK
r-devel-windows-x86_64 0.1.0 19.00 89.00 108.00 OK
r-devel-windows-x86_64-gcc10-UCRT 0.1.0 NOTE
r-patched-linux-x86_64 0.1.0 9.31 83.90 93.21 OK
r-patched-solaris-x86 0.1.0 164.80 OK
r-release-linux-x86_64 0.1.0 10.73 84.35 95.08 OK
r-release-macos-arm64 0.1.0 NOTE
r-release-macos-x86_64 0.1.0 OK
r-release-windows-ix86+x86_64 0.1.0 17.00 109.00 126.00 OK
r-oldrel-macos-x86_64 0.1.0 OK
r-oldrel-windows-ix86+x86_64 0.1.0 23.00 111.00 134.00 OK

Check Details

Version: 0.1.0
Check: package dependencies
Result: NOTE
    Suggests orphaned package: ‘RGtk2’
Flavor: r-devel-linux-x86_64-fedora-clang

Version: 0.1.0
Check: package dependencies
Result: NOTE
    Package suggested but not available for checking: 'RGtk2'
Flavors: r-devel-windows-x86_64-gcc10-UCRT, r-release-macos-arm64