CRAN Package Check Results for Package rapidjsonr

Last updated on 2021-11-30 00:51:38 CET.

Flavor Version Tinstall Tcheck Ttotal Status Flags
r-devel-linux-x86_64-debian-clang 1.2.0 1.84 17.74 19.58 NOTE
r-devel-linux-x86_64-debian-gcc 1.2.0 1.52 14.46 15.98 NOTE
r-devel-linux-x86_64-fedora-clang 1.2.0 35.37 NOTE
r-devel-linux-x86_64-fedora-gcc 1.2.0 24.60 NOTE
r-devel-windows-x86_64-new-UL 1.2.0 7.00 46.00 53.00 NOTE
r-devel-windows-x86_64-new-TK 1.2.0 NOTE
r-devel-windows-x86_64-old 1.2.0 4.00 24.00 28.00 NOTE
r-patched-linux-x86_64 1.2.0 1.56 17.70 19.26 NOTE
r-patched-solaris-x86 1.2.0 40.30 NOTE
r-release-linux-x86_64 1.2.0 1.59 17.41 19.00 NOTE
r-release-macos-arm64 1.2.0 NOTE
r-release-macos-x86_64 1.2.0 NOTE
r-release-windows-ix86+x86_64 1.2.0 4.00 25.00 29.00 NOTE
r-oldrel-macos-x86_64 1.2.0 OK
r-oldrel-windows-ix86+x86_64 1.2.0 4.00 24.00 28.00 OK

Check Details

Version: 1.2.0
Check: LazyData
Result: NOTE
     'LazyData' is specified without a 'data' directory
Flavors: r-devel-linux-x86_64-debian-clang, r-devel-linux-x86_64-debian-gcc, r-devel-linux-x86_64-fedora-clang, r-devel-linux-x86_64-fedora-gcc, r-devel-windows-x86_64-new-UL, r-devel-windows-x86_64-new-TK, r-devel-windows-x86_64-old, r-patched-linux-x86_64, r-patched-solaris-x86, r-release-linux-x86_64, r-release-macos-arm64, r-release-macos-x86_64, r-release-windows-ix86+x86_64