Last updated on 2023-09-26 01:06:31 CEST.
Flavor | Version | Tinstall | Tcheck | Ttotal | Status | Flags |
---|---|---|---|---|---|---|
r-devel-linux-x86_64-debian-clang | 8.4.3 | 1.98 | 20.97 | 22.95 | NOTE | |
r-devel-linux-x86_64-debian-gcc | 8.4.3 | 1.59 | 16.93 | 18.52 | NOTE | |
r-devel-linux-x86_64-fedora-clang | 8.4.3 | 28.83 | NOTE | |||
r-devel-linux-x86_64-fedora-gcc | 8.4.3 | 27.56 | NOTE | |||
r-devel-windows-x86_64 | 8.4.3 | 9.00 | 40.00 | 49.00 | NOTE | |
r-patched-linux-x86_64 | 8.4.3 | 2.20 | 20.77 | 22.97 | NOTE | |
r-release-linux-x86_64 | 8.4.3 | 1.82 | 20.76 | 22.58 | NOTE | |
r-release-macos-arm64 | 8.4.3 | 15.00 | NOTE | |||
r-release-macos-x86_64 | 8.4.3 | 19.00 | NOTE | |||
r-release-windows-x86_64 | 8.4.3 | 4.00 | 44.00 | 48.00 | NOTE | |
r-oldrel-macos-arm64 | 8.4.3 | 15.00 | NOTE | |||
r-oldrel-macos-x86_64 | 8.4.3 | 19.00 | NOTE | |||
r-oldrel-windows-x86_64 | 8.4.3 | 4.00 | 40.00 | 44.00 | NOTE |
Version: 8.4.3
Check: LazyData
Result: NOTE
'LazyData' is specified without a 'data' directory
Flavors: r-devel-linux-x86_64-debian-clang, r-devel-linux-x86_64-debian-gcc, r-devel-linux-x86_64-fedora-clang, r-devel-linux-x86_64-fedora-gcc, r-devel-windows-x86_64, r-patched-linux-x86_64, r-release-linux-x86_64, r-release-macos-arm64, r-release-macos-x86_64, r-release-windows-x86_64, r-oldrel-macos-arm64, r-oldrel-macos-x86_64, r-oldrel-windows-x86_64
Version: 8.4.3
Check: dependencies in R code
Result: NOTE
Namespace in Imports field not imported from: ‘jsonlite’
All declared Imports should be used.
Flavors: r-devel-linux-x86_64-fedora-clang, r-devel-linux-x86_64-fedora-gcc, r-oldrel-macos-x86_64