CRAN Package Check Results for Package rapport

Last updated on 2024-07-18 00:55:03 CEST.

Flavor Version Tinstall Tcheck Ttotal Status Flags
r-devel-linux-x86_64-debian-clang 1.1 5.46 52.93 58.39 NOTE
r-devel-linux-x86_64-debian-gcc 1.1 5.20 39.68 44.88 NOTE
r-devel-linux-x86_64-fedora-clang 1.1 75.42 NOTE
r-devel-linux-x86_64-fedora-gcc 1.1 71.52 NOTE
r-devel-windows-x86_64 1.1 8.00 64.00 72.00 NOTE
r-patched-linux-x86_64 1.1 11.64 50.77 62.41 NOTE
r-release-linux-x86_64 1.1 5.89 51.31 57.20 NOTE
r-release-macos-arm64 1.1 25.00 NOTE
r-release-macos-x86_64 1.1 59.00 NOTE
r-release-windows-x86_64 1.1 9.00 65.00 74.00 NOTE
r-oldrel-macos-arm64 1.1 25.00 OK
r-oldrel-macos-x86_64 1.1 39.00 OK
r-oldrel-windows-x86_64 1.1 10.00 74.00 84.00 OK

Check Details

Version: 1.1
Check: Rd files
Result: NOTE checkRd: (-1) rapport.inputs.Rd:26: Lost braces 26 | \item \emph{dataset inputs}, i.e. the inputs that refer to named element of an |code{R} object provided in \code{data} argument in \code{rapport} call. Currently, \code{rapport} supports only \code{data.frame} objects, but that may change in the (near) future. | ^ Flavors: r-devel-linux-x86_64-debian-clang, r-devel-linux-x86_64-debian-gcc, r-devel-linux-x86_64-fedora-clang, r-devel-linux-x86_64-fedora-gcc, r-devel-windows-x86_64, r-patched-linux-x86_64, r-release-linux-x86_64, r-release-macos-arm64, r-release-macos-x86_64, r-release-windows-x86_64

Version: 1.1
Check: Rd cross-references
Result: NOTE Found the following Rd file(s) with Rd \link{} targets missing package anchors: rapport-helpers.Rd: adj.rle, alike.integer, capitalise, catn, fml, is.boolean, is.empty, is.number, is.string, is.tabular, is.variable, messagef, pct, stopf, tocamel, trim.space, vgsub, warningf, rp.desc, rp.freq, rp.iqr, rp.max, rp.mean, rp.median, rp.min, rp.missing, rp.percent, rp.range, rp.sd, rp.se.mean, rp.sum, rp.valid, rp.var, htest, htest.short, kurtosis, skewness, lambda.test, rp.outlier Please provide package anchors for all Rd \link{} targets not in the package itself and the base packages. Flavor: r-devel-windows-x86_64