Last updated on 2023-05-30 00:59:54 CEST.
Flavor | Version | Tinstall | Tcheck | Ttotal | Status | Flags |
---|---|---|---|---|---|---|
r-devel-linux-x86_64-debian-clang | 1.0.1 | 2.76 | 42.42 | 45.18 | NOTE | |
r-devel-linux-x86_64-debian-gcc | 1.0.1 | 2.78 | 32.27 | 35.05 | NOTE | |
r-devel-linux-x86_64-fedora-clang | 1.0.1 | 57.69 | NOTE | |||
r-devel-linux-x86_64-fedora-gcc | 1.0.1 | 65.16 | NOTE | |||
r-devel-windows-x86_64 | 1.0.1 | 5.00 | 55.00 | 60.00 | NOTE | |
r-patched-linux-x86_64 | 1.0.1 | 3.54 | 40.22 | 43.76 | NOTE | |
r-release-linux-x86_64 | 1.0.1 | 2.37 | 40.26 | 42.63 | NOTE | |
r-release-macos-arm64 | 1.0.1 | 28.00 | NOTE | |||
r-release-macos-x86_64 | 1.0.1 | 42.00 | NOTE | |||
r-release-windows-x86_64 | 1.0.1 | 6.00 | 59.00 | 65.00 | NOTE | |
r-oldrel-macos-arm64 | 1.0.1 | 24.00 | OK | |||
r-oldrel-macos-x86_64 | 1.0.1 | 31.00 | OK | |||
r-oldrel-windows-x86_64 | 1.0.1 | 6.00 | 61.00 | 67.00 | OK |
Version: 1.0.1
Check: package subdirectories
Result: NOTE
Problems with news in ‘NEWS.md’:
No news entries found.
Flavors: r-devel-linux-x86_64-debian-clang, r-devel-linux-x86_64-debian-gcc, r-devel-linux-x86_64-fedora-clang, r-devel-linux-x86_64-fedora-gcc, r-devel-windows-x86_64, r-patched-linux-x86_64, r-release-linux-x86_64, r-release-macos-arm64, r-release-macos-x86_64, r-release-windows-x86_64