Last updated on 2023-03-23 00:51:21 CET.
Flavor | Version | Tinstall | Tcheck | Ttotal | Status | Flags |
---|---|---|---|---|---|---|
r-devel-linux-x86_64-debian-clang | 0.3.1 | 46.38 | 560.58 | 606.96 | OK | |
r-devel-linux-x86_64-debian-gcc | 0.3.1 | 43.31 | 405.78 | 449.09 | OK | |
r-devel-linux-x86_64-fedora-clang | 0.3.1 | 784.71 | OK | |||
r-devel-linux-x86_64-fedora-gcc | 0.3.1 | 780.86 | OK | |||
r-patched-linux-x86_64 | 0.3.1 | 46.12 | 528.81 | 574.93 | OK | |
r-release-linux-x86_64 | 0.3.1 | 49.44 | 529.83 | 579.27 | OK | |
r-release-macos-arm64 | 0.3.1 | 179.00 | NOTE | |||
r-release-macos-x86_64 | 0.3.1 | 244.00 | OK | |||
r-release-windows-x86_64 | 0.3.1 | 68.00 | 505.00 | 573.00 | OK | |
r-oldrel-macos-arm64 | 0.3.1 | 184.00 | NOTE | |||
r-oldrel-macos-x86_64 | 0.3.1 | 249.00 | OK | |||
r-oldrel-windows-ix86+x86_64 | 0.3.1 | 92.00 | 603.00 | 695.00 | OK |
Version: 0.3.1
Check: installed package size
Result: NOTE
installed size is 5.2Mb
sub-directories of 1Mb or more:
data 4.1Mb
Flavors: r-release-macos-arm64, r-oldrel-macos-arm64