CRAN Package Check Results for Package rasterdiv

Last updated on 2021-10-25 00:49:22 CEST.

Flavor Version Tinstall Tcheck Ttotal Status Flags
r-devel-linux-x86_64-debian-clang 0.2-3 30.03 631.84 661.87 OK
r-devel-linux-x86_64-debian-gcc 0.2-3 22.69 439.51 462.20 OK
r-devel-linux-x86_64-fedora-clang 0.2-3 770.43 OK
r-devel-linux-x86_64-fedora-gcc 0.2-3 783.06 OK
r-devel-windows-x86_64 0.2-3 43.00 582.00 625.00 OK
r-devel-windows-x86_64-gcc10-UCRT 0.2-3 OK
r-patched-linux-x86_64 0.2-3 25.58 610.93 636.51 OK
r-patched-solaris-x86 0.2-3 369.20 OK
r-release-linux-x86_64 0.2-3 28.45 609.73 638.18 OK
r-release-macos-arm64 0.2-3 NOTE
r-release-macos-x86_64 0.2-3 OK
r-release-windows-ix86+x86_64 0.2-3 43.00 760.00 803.00 OK
r-oldrel-macos-x86_64 0.2-3 OK
r-oldrel-windows-ix86+x86_64 0.2-3 31.00 211.00 242.00 WARN

Check Details

Version: 0.2-3
Check: installed package size
Result: NOTE
     installed size is 5.1Mb
     sub-directories of 1Mb or more:
     data 4.1Mb
Flavor: r-release-macos-arm64

Version: 0.2-3
Check: re-building of vignette outputs
Result: WARN
    Error(s) in re-building vignettes:
    --- re-building 'rasterdiv_advanced_multimensionRao.Rmd' using rmarkdown
    Loading required package: sp
    Input data are float numbers. Converting data to integer matrices...
    Numerical matrix ready:
    Parametric Rao output will be returned
    
    
    Processing alpha: 1 Moving Window: 3
    
     [==>-------------------------------------------] 0s -- Approximate ETA: 3s
    
     [===>------------------------------------------] 0s -- Approximate ETA: 3s
    
     [=====>----------------------------------------] 0s -- Approximate ETA: 3s
    
     [======>---------------------------------------] 0s -- Approximate ETA: 3s
    
     [=======>--------------------------------------] 1s -- Approximate ETA: 3s
    
     [========>-------------------------------------] 1s -- Approximate ETA: 3s
    
     [=========>------------------------------------] 1s -- Approximate ETA: 3s
    
     [==========>-----------------------------------] 1s -- Approximate ETA: 3s
    
     [===========>----------------------------------] 1s -- Approximate ETA: 3s
    
     [============>---------------------------------] 1s -- Approximate ETA: 3s
    
     [==============>-------------------------------] 1s -- Approximate ETA: 3s
    
     [===============>------------------------------] 1s -- Approximate ETA: 3s
    
     [================>-----------------------------] 1s -- Approximate ETA: 3s
    
     [=================>----------------------------] 2s -- Approximate ETA: 2s
    
     [==================>---------------------------] 2s -- Approximate ETA: 2s
    
     [===================>--------------------------] 2s -- Approximate ETA: 2s
    
     [====================>-------------------------] 2s -- Approximate ETA: 2s
    
     [=====================>------------------------] 2s -- Approximate ETA: 2s
    
     [=======================>----------------------] 2s -- Approximate ETA: 2s
    
     [========================>---------------------] 2s -- Approximate ETA: 2s
    
     [=========================>--------------------] 2s -- Approximate ETA: 2s
    
     [==========================>-------------------] 2s -- Approximate ETA: 2s
    
     [===========================>------------------] 3s -- Approximate ETA: 2s
    
     [============================>-----------------] 3s -- Approximate ETA: 2s
    
     [=============================>----------------] 3s -- Approximate ETA: 1s
    
     [==============================>---------------] 3s -- Approximate ETA: 1s
    
     [================================>-------------] 3s -- Approximate ETA: 1s
    
     [=================================>------------] 3s -- Approximate ETA: 1s
    
     [==================================>-----------] 3s -- Approximate ETA: 1s
    
     [===================================>----------] 3s -- Approximate ETA: 1s
    
     [====================================>---------] 3s -- Approximate ETA: 1s
    
     [=====================================>--------] 3s -- Approximate ETA: 1s
    
     [======================================>-------] 4s -- Approximate ETA: 1s
    
     [=======================================>------] 4s -- Approximate ETA: 1s
    
     [=========================================>----] 4s -- Approximate ETA: 0s
    
     [==========================================>---] 4s -- Approximate ETA: 0s
    
     [===========================================>--] 4s -- Approximate ETA: 0s
    
     [============================================>-] 4s -- Approximate ETA: 0s
    
    
    Processing alpha: Inf Moving Window: 3
    
     [==>-------------------------------------------] 0s -- Approximate ETA: 3s
    
     [===>------------------------------------------] 0s -- Approximate ETA: 3s
    
     [=====>----------------------------------------] 0s -- Approximate ETA: 3s
    
     [======>---------------------------------------] 1s -- Approximate ETA: 3s
    
     [=======>--------------------------------------] 1s -- Approximate ETA: 3s
    
     [========>-------------------------------------] 1s -- Approximate ETA: 3s
    
     [=========>------------------------------------] 1s -- Approximate ETA: 3s
    
     [==========>-----------------------------------] 1s -- Approximate ETA: 3s
    
     [===========>----------------------------------] 1s -- Approximate ETA: 3s
    
     [============>---------------------------------] 1s -- Approximate ETA: 3s
    
     [==============>-------------------------------] 1s -- Approximate ETA: 3s
    
     [===============>------------------------------] 1s -- Approximate ETA: 3s
    
     [================>-----------------------------] 1s -- Approximate ETA: 3s
    
     [=================>----------------------------] 2s -- Approximate ETA: 2s
    
     [==================>---------------------------] 2s -- Approximate ETA: 2s
    
     [===================>--------------------------] 2s -- Approximate ETA: 2s
    
     [====================>-------------------------] 2s -- Approximate ETA: 2s
    
     [=====================>------------------------] 2s -- Approximate ETA: 2s
    
     [=======================>----------------------] 2s -- Approximate ETA: 2s
    
     [========================>---------------------] 2s -- Approximate ETA: 2s
    
     [=========================>--------------------] 2s -- Approximate ETA: 2s
    
     [==========================>-------------------] 2s -- Approximate ETA: 2s
    
     [===========================>------------------] 2s -- Approximate ETA: 2s
    
     [============================>-----------------] 3s -- Approximate ETA: 1s
    
     [=============================>----------------] 3s -- Approximate ETA: 1s
    
     [==============================>---------------] 3s -- Approximate ETA: 1s
    
     [================================>-------------] 3s -- Approximate ETA: 1s
    
     [=================================>------------] 3s -- Approximate ETA: 1s
    
     [==================================>-----------] 3s -- Approximate ETA: 1s
    
     [===================================>----------] 3s -- Approximate ETA: 1s
    
     [====================================>---------] 3s -- Approximate ETA: 1s
    
     [=====================================>--------] 3s -- Approximate ETA: 1s
    
     [======================================>-------] 3s -- Approximate ETA: 1s
    
     [=======================================>------] 3s -- Approximate ETA: 0s
    
     [=========================================>----] 4s -- Approximate ETA: 0s
    
     [==========================================>---] 4s -- Approximate ETA: 0s
    
     [===========================================>--] 4s -- Approximate ETA: 0s
    
     [============================================>-] 4s -- Approximate ETA: 0s
    
    
    Processing alpha: 1 Moving Window: 5
    
     [=>--------------------------------------------] 1s -- Approximate ETA: 13s
    
     [==>-------------------------------------------] 1s -- Approximate ETA: 18s
    
     [===>------------------------------------------] 2s -- Approximate ETA: 20s
    
     [====>-----------------------------------------] 3s -- Approximate ETA: 20s
    
     [======>---------------------------------------] 3s -- Approximate ETA: 20s
    
     [=======>--------------------------------------] 4s -- Approximate ETA: 20s
    
     [========>-------------------------------------] 5s -- Approximate ETA: 20s
    
     [=========>------------------------------------] 5s -- Approximate ETA: 19s
    
     [==========>-----------------------------------] 6s -- Approximate ETA: 19s
    
     [===========>----------------------------------] 7s -- Approximate ETA: 19s
    
     [============>---------------------------------] 7s -- Approximate ETA: 18s
    
     [=============>--------------------------------] 8s -- Approximate ETA: 18s
    
     [==============>-------------------------------] 9s -- Approximate ETA: 17s
    
     [===============>------------------------------] 9s -- Approximate ETA: 17s
    
     [=================>----------------------------] 10s -- Approximate ETA: 16s
    
     [==================>---------------------------] 11s -- Approximate ETA: 16s
    
     [===================>--------------------------] 11s -- Approximate ETA: 15s
    
     [====================>-------------------------] 12s -- Approximate ETA: 14s
    
     [=====================>------------------------] 13s -- Approximate ETA: 14s
    
     [======================>-----------------------] 13s -- Approximate ETA: 13s
    
     [=======================>----------------------] 14s -- Approximate ETA: 13s
    
     [========================>---------------------] 15s -- Approximate ETA: 12s
    
     [=========================>--------------------] 15s -- Approximate ETA: 12s
    
     [==========================>-------------------] 16s -- Approximate ETA: 11s
    
     [===========================>------------------] 17s -- Approximate ETA: 10s
    
     [=============================>----------------] 18s -- Approximate ETA: 10s
    
     [==============================>---------------] 18s -- Approximate ETA: 9s
    
     [===============================>--------------] 19s -- Approximate ETA: 8s
    
     [================================>-------------] 20s -- Approximate ETA: 8s
    
     [=================================>------------] 20s -- Approximate ETA: 7s
    
     [==================================>-----------] 21s -- Approximate ETA: 6s
    
     [===================================>----------] 21s -- Approximate ETA: 6s
    
     [====================================>---------] 22s -- Approximate ETA: 5s
    
     [=====================================>--------] 23s -- Approximate ETA: 5s
    
     [======================================>-------] 23s -- Approximate ETA: 4s
    
     [========================================>-----] 24s -- Approximate ETA: 3s
    
     [=========================================>----] 25s -- Approximate ETA: 3s
    
     [==========================================>---] 25s -- Approximate ETA: 2s
    
     [===========================================>--] 26s -- Approximate ETA: 1s
    
    
    Processing alpha: Inf Moving Window: 5
    
     [=>--------------------------------------------] 1s -- Approximate ETA: 13s
    
     [==>-------------------------------------------] 1s -- Approximate ETA: 16s
    
     [===>------------------------------------------] 2s -- Approximate ETA: 18s
    
     [====>-----------------------------------------] 3s -- Approximate ETA: 19s
    
     [======>---------------------------------------] 3s -- Approximate ETA: 19s
    
     [=======>--------------------------------------] 4s -- Approximate ETA: 19s
    
     [========>-------------------------------------] 4s -- Approximate ETA: 19s
    
     [=========>------------------------------------] 5s -- Approximate ETA: 18s
    
     [==========>-----------------------------------] 6s -- Approximate ETA: 18s
    
     [===========>----------------------------------] 6s -- Approximate ETA: 17s
    
     [============>---------------------------------] 7s -- Approximate ETA: 17s
    
     [=============>--------------------------------] 7s -- Approximate ETA: 17s
    
     [==============>-------------------------------] 8s -- Approximate ETA: 16s
    
     [===============>------------------------------] 9s -- Approximate ETA: 16s
    
     [=================>----------------------------] 9s -- Approximate ETA: 15s
    
     [==================>---------------------------] 10s -- Approximate ETA: 15s
    
     [===================>--------------------------] 11s -- Approximate ETA: 14s
    
     [====================>-------------------------] 11s -- Approximate ETA: 14s
    
     [=====================>------------------------] 12s -- Approximate ETA: 13s
    
     [======================>-----------------------] 13s -- Approximate ETA: 13s
    
     [=======================>----------------------] 13s -- Approximate ETA: 12s
    
     [========================>---------------------] 14s -- Approximate ETA: 11s
    
     [=========================>--------------------] 14s -- Approximate ETA: 11s
    
     [==========================>-------------------] 15s -- Approximate ETA: 10s
    
     [===========================>------------------] 16s -- Approximate ETA: 10s
    
     [=============================>----------------] 16s -- Approximate ETA: 9s
    
     [==============================>---------------] 17s -- Approximate ETA: 8s
    
     [===============================>--------------] 18s -- Approximate ETA: 8s
    
     [================================>-------------] 18s -- Approximate ETA: 7s
    
     [=================================>------------] 19s -- Approximate ETA: 7s
    
     [==================================>-----------] 19s -- Approximate ETA: 6s
    
     [===================================>----------] 20s -- Approximate ETA: 5s
    
     [====================================>---------] 21s -- Approximate ETA: 5s
    
     [=====================================>--------] 21s -- Approximate ETA: 4s
    
     [======================================>-------] 22s -- Approximate ETA: 4s
    
     [========================================>-----] 23s -- Approximate ETA: 3s
    
     [=========================================>----] 23s -- Approximate ETA: 2s
    
     [==========================================>---] 24s -- Approximate ETA: 2s
    
     [===========================================>--] 25s -- Approximate ETA: 1s
    --- finished re-building 'rasterdiv_advanced_multimensionRao.Rmd'
    
    --- re-building 'rasterdiv_basics.Rmd' using rmarkdown
    Loading required package: rasterdiv
    Loading required package: raster
    Loading required package: sp
    Loading required package: rasterVis
    Loading required package: terra
    terra version 1.4.7
    
    Attaching package: 'terra'
    
    The following objects are masked from 'package:raster':
    
     RGB, adjacent, animate, area, bbox, boundaries, buffer,
     cellFromRowCol, cellFromRowColCombine, cellFromXY, clamp, click,
     colFromCell, colFromX, cover, crop, crosstab, crs, crs<-,
     disaggregate, distance, erase, extend, extract, flip, focal, freq,
     geom, hasValues, inMemory, init, interpolate, mask, modal, mosaic,
     ncell, ncol<-, nrow<-, origin, origin<-, plotRGB, rasterize,
     readStart, readStop, rectify, res, res<-, resample, rotate,
     rowColFromCell, rowFromCell, rowFromY, setMinMax, setValues, shift,
     stretch, symdif, terrain, trim, values, values<-, writeRaster,
     writeStart, writeStop, writeValues, xFromCell, xFromCol, xmax,
     xmax<-, xmin, xmin<-, xres, xyFromCell, yFromCell, yFromRow, ymax,
     ymax<-, ymin, ymin<-, yres, zonal, zoom
    
    The following objects are masked from 'package:sp':
    
     bbox, disaggregate
    
    Loading required package: lattice
    Loading required package: latticeExtra
    Warning: replacing previous import 'raster::init' by 'terra::init' when loading 'rasterVis'
    Warning: replacing previous import 'raster::writeStop' by 'terra::writeStop' when loading 'rasterVis'
    Warning: replacing previous import 'raster::extract' by 'terra::extract' when loading 'rasterVis'
    Warning: replacing previous import 'raster::yFromCell' by 'terra::yFromCell' when loading 'rasterVis'
    Warning: replacing previous import 'raster::adjacent' by 'terra::adjacent' when loading 'rasterVis'
    Warning: replacing previous import 'raster::cellFromRowColCombine' by 'terra::cellFromRowColCombine' when loading 'rasterVis'
    Warning: replacing previous import 'raster::RGB' by 'terra::RGB' when loading 'rasterVis'
    Warning: replacing previous import 'raster::nrow<-' by 'terra::nrow<-' when loading 'rasterVis'
    Warning: replacing previous import 'raster::rotate' by 'terra::rotate' when loading 'rasterVis'
    Warning: replacing previous import 'raster::click' by 'terra::click' when loading 'rasterVis'
    Warning: replacing previous import 'raster::readStart' by 'terra::readStart' when loading 'rasterVis'
    Warning: replacing previous import 'raster::ymax<-' by 'terra::ymax<-' when loading 'rasterVis'
    Warning: replacing previous import 'raster::mosaic' by 'terra::mosaic' when loading 'rasterVis'
    Warning: replacing previous import 'raster::yres' by 'terra::yres' when loading 'rasterVis'
    Warning: replacing previous import 'raster::xres' by 'terra::xres' when loading 'rasterVis'
    Warning: replacing previous import 'raster::ymin' by 'terra::ymin' when loading 'rasterVis'
    Warning: replacing previous import 'raster::mask' by 'terra::mask' when loading 'rasterVis'
    Warning: replacing previous import 'raster::xmin' by 'terra::xmin' when loading 'rasterVis'
    Warning: replacing previous import 'raster::animate' by 'terra::animate' when loading 'rasterVis'
    Warning: replacing previous import 'raster::cellFromRowCol' by 'terra::cellFromRowCol' when loading 'rasterVis'
    Warning: replacing previous import 'raster::hasValues' by 'terra::hasValues' when loading 'rasterVis'
    Warning: replacing previous import 'raster::rasterize' by 'terra::rasterize' when loading 'rasterVis'
    Warning: replacing previous import 'raster::writeStart' by 'terra::writeStart' when loading 'rasterVis'
    Warning: replacing previous import 'raster::setValues' by 'terra::setValues' when loading 'rasterVis'
    Warning: replacing previous import 'raster::resample' by 'terra::resample' when loading 'rasterVis'
    Warning: replacing previous import 'raster::xyFromCell' by 'terra::xyFromCell' when loading 'rasterVis'
    Warning: replacing previous import 'raster::stretch' by 'terra::stretch' when loading 'rasterVis'
    Warning: replacing previous import 'raster::cover' by 'terra::cover' when loading 'rasterVis'
    Warning: replacing previous import 'raster::writeValues' by 'terra::writeValues' when loading 'rasterVis'
    Warning: replacing previous import 'raster::values' by 'terra::values' when loading 'rasterVis'
    Warning: replacing previous import 'raster::cellFromXY' by 'terra::cellFromXY' when loading 'rasterVis'
    Warning: replacing previous import 'raster::xmin<-' by 'terra::xmin<-' when loading 'rasterVis'
    Warning: replacing previous import 'raster::modal' by 'terra::modal' when loading 'rasterVis'
    Warning: replacing previous import 'raster::res' by 'terra::res' when loading 'rasterVis'
    Warning: replacing previous import 'raster::freq' by 'terra::freq' when loading 'rasterVis'
    Warning: replacing previous import 'raster::ncell' by 'terra::ncell' when loading 'rasterVis'
    Warning: replacing previous import 'raster::trim' by 'terra::trim' when loading 'rasterVis'
    Warning: replacing previous import 'raster::area' by 'terra::area' when loading 'rasterVis'
    Warning: replacing previous import 'raster::erase' by 'terra::erase' when loading 'rasterVis'
    Warning: replacing previous import 'raster::writeRaster' by 'terra::writeRaster' when loading 'rasterVis'
    Warning: replacing previous import 'raster::res<-' by 'terra::res<-' when loading 'rasterVis'
    Warning: replacing previous import 'raster::extend' by 'terra::extend' when loading 'rasterVis'
    Warning: replacing previous import 'raster::yFromRow' by 'terra::yFromRow' when loading 'rasterVis'
    Warning: replacing previous import 'raster::crs' by 'terra::crs' when loading 'rasterVis'
    Warning: replacing previous import 'raster::clamp' by 'terra::clamp' when loading 'rasterVis'
    Warning: replacing previous import 'raster::colFromCell' by 'terra::colFromCell' when loading 'rasterVis'
    Warning: replacing previous import 'raster::zonal' by 'terra::zonal' when loading 'rasterVis'
    Warning: replacing previous import 'raster::boundaries' by 'terra::boundaries' when loading 'rasterVis'
    Warning: replacing previous import 'raster::symdif' by 'terra::symdif' when loading 'rasterVis'
    Warning: replacing previous import 'raster::ncol<-' by 'terra::ncol<-' when loading 'rasterVis'
    Warning: replacing previous import 'raster::origin' by 'terra::origin' when loading 'rasterVis'
    Warning: replacing previous import 'raster::rowColFromCell' by 'terra::rowColFromCell' when loading 'rasterVis'
    Warning: replacing previous import 'raster::terrain' by 'terra::terrain' when loading 'rasterVis'
    Warning: replacing previous import 'raster::geom' by 'terra::geom' when loading 'rasterVis'
    Warning: replacing previous import 'raster::xFromCell' by 'terra::xFromCell' when loading 'rasterVis'
    Warning: replacing previous import 'raster::crs<-' by 'terra::crs<-' when loading 'rasterVis'
    Warning: replacing previous import 'raster::rowFromCell' by 'terra::rowFromCell' when loading 'rasterVis'
    Warning: replacing previous import 'raster::inMemory' by 'terra::inMemory' when loading 'rasterVis'
    Warning: replacing previous import 'raster::xmax<-' by 'terra::xmax<-' when loading 'rasterVis'
    Warning: replacing previous import 'raster::crosstab' by 'terra::crosstab' when loading 'rasterVis'
    Warning: replacing previous import 'raster::disaggregate' by 'terra::disaggregate' when loading 'rasterVis'
    Warning: replacing previous import 'raster::zoom' by 'terra::zoom' when loading 'rasterVis'
    Warning: replacing previous import 'raster::values<-' by 'terra::values<-' when loading 'rasterVis'
    Warning: replacing previous import 'raster::setMinMax' by 'terra::setMinMax' when loading 'rasterVis'
    Warning: replacing previous import 'raster::distance' by 'terra::distance' when loading 'rasterVis'
    Warning: replacing previous import 'raster::readStop' by 'terra::readStop' when loading 'rasterVis'
    Warning: replacing previous import 'raster::origin<-' by 'terra::origin<-' when loading 'rasterVis'
    Warning: replacing previous import 'raster::flip' by 'terra::flip' when loading 'rasterVis'
    Warning: replacing previous import 'raster::crop' by 'terra::crop' when loading 'rasterVis'
    Warning: replacing previous import 'raster::xFromCol' by 'terra::xFromCol' when loading 'rasterVis'
    Warning: replacing previous import 'raster::interpolate' by 'terra::interpolate' when loading 'rasterVis'
    Warning: replacing previous import 'raster::bbox' by 'terra::bbox' when loading 'rasterVis'
    Warning: replacing previous import 'raster::shift' by 'terra::shift' when loading 'rasterVis'
    Warning: replacing previous import 'raster::focal' by 'terra::focal' when loading 'rasterVis'
    Warning: replacing previous import 'raster::buffer' by 'terra::buffer' when loading 'rasterVis'
    Warning: replacing previous import 'raster::ymin<-' by 'terra::ymin<-' when loading 'rasterVis'
    Warning: replacing previous import 'raster::colFromX' by 'terra::colFromX' when loading 'rasterVis'
    Warning: replacing previous import 'raster::ymax' by 'terra::ymax' when loading 'rasterVis'
    Warning: replacing previous import 'raster::rectify' by 'terra::rectify' when loading 'rasterVis'
    Warning: replacing previous import 'raster::xmax' by 'terra::xmax' when loading 'rasterVis'
    Warning: replacing previous import 'raster::rowFromY' by 'terra::rowFromY' when loading 'rasterVis'
    Warning: replacing previous import 'raster::plotRGB' by 'terra::plotRGB' when loading 'rasterVis'
    Loading required package: RColorBrewer
    Quitting from lines 48-50 (rasterdiv_basics.Rmd)
    Error: processing vignette 'rasterdiv_basics.Rmd' failed with diagnostics:
    unable to find an inherited method for function 'xmin' for signature '"Extent"'
    --- failed re-building 'rasterdiv_basics.Rmd'
    
    SUMMARY: processing the following file failed:
     'rasterdiv_basics.Rmd'
    
    Error: Vignette re-building failed.
    Execution halted
Flavor: r-oldrel-windows-ix86+x86_64