CRAN Package Check Results for Package rayshader

Last updated on 2021-10-18 00:48:25 CEST.

Flavor Version Tinstall Tcheck Ttotal Status Flags
r-devel-linux-x86_64-debian-clang 0.24.10 102.23 131.12 233.35 OK
r-devel-linux-x86_64-debian-gcc 0.24.10 81.02 100.97 181.99 OK
r-devel-linux-x86_64-fedora-clang 0.24.10 350.70 NOTE
r-devel-linux-x86_64-fedora-gcc 0.24.10 328.36 OK
r-devel-windows-x86_64 0.24.10 154.00 160.00 314.00 OK
r-devel-windows-x86_64-gcc10-UCRT 0.24.10 OK
r-patched-linux-x86_64 0.24.10 96.98 115.18 212.16 OK
r-patched-solaris-x86 0.24.10 315.70 NOTE
r-release-linux-x86_64 0.24.10 100.74 114.25 214.99 OK
r-release-macos-arm64 0.24.10 NOTE
r-release-macos-x86_64 0.24.10 NOTE
r-release-windows-ix86+x86_64 0.24.10 250.00 217.00 467.00 NOTE
r-oldrel-macos-x86_64 0.24.10 NOTE
r-oldrel-windows-ix86+x86_64 0.24.10 265.00 188.00 453.00 NOTE

Check Details

Version: 0.24.10
Check: installed package size
Result: NOTE
     installed size is 6.8Mb
     sub-directories of 1Mb or more:
     data 3.0Mb
     libs 3.3Mb
Flavors: r-devel-linux-x86_64-fedora-clang, r-release-macos-arm64, r-release-macos-x86_64, r-release-windows-ix86+x86_64, r-oldrel-macos-x86_64, r-oldrel-windows-ix86+x86_64

Version: 0.24.10
Check: package dependencies
Result: NOTE
    Package suggested but not available for checking: ‘av’
Flavor: r-patched-solaris-x86