Last updated on 2023-09-30 00:56:15 CEST.
Flavor | Version | Tinstall | Tcheck | Ttotal | Status | Flags |
---|---|---|---|---|---|---|
r-devel-linux-x86_64-debian-clang | 1.0.5 | 11.87 | 164.43 | 176.30 | OK | |
r-devel-linux-x86_64-debian-gcc | 1.0.5 | 12.19 | 122.44 | 134.63 | OK | |
r-devel-linux-x86_64-fedora-clang | 1.0.5 | 214.50 | NOTE | |||
r-devel-linux-x86_64-fedora-gcc | 1.0.5 | 224.53 | NOTE | |||
r-devel-windows-x86_64 | 1.0.5 | 13.00 | 138.00 | 151.00 | OK | |
r-patched-linux-x86_64 | 1.0.5 | 9.22 | 153.75 | 162.97 | OK | |
r-release-linux-x86_64 | 1.0.5 | 9.51 | 154.48 | 163.99 | OK | |
r-release-macos-arm64 | 1.0.5 | 75.00 | OK | |||
r-release-macos-x86_64 | 1.0.5 | 124.00 | OK | |||
r-release-windows-x86_64 | 1.0.5 | 17.00 | 161.00 | 178.00 | OK | |
r-oldrel-macos-arm64 | 1.0.5 | 55.00 | NOTE | |||
r-oldrel-macos-x86_64 | 1.0.5 | 145.00 | NOTE | |||
r-oldrel-windows-x86_64 | 1.0.5 | 17.00 | 158.00 | 175.00 | OK |
Version: 1.0.5
Check: data for non-ASCII characters
Result: NOTE
Note: found 8 marked UTF-8 strings
Flavors: r-devel-linux-x86_64-fedora-clang, r-devel-linux-x86_64-fedora-gcc, r-oldrel-macos-arm64, r-oldrel-macos-x86_64