CRAN Package Check Results for Package rcorpora

Last updated on 2024-06-20 00:59:42 CEST.

Flavor Version Tinstall Tcheck Ttotal Status Flags
r-devel-linux-x86_64-debian-clang 2.0.0 5.37 26.40 31.77 OK
r-devel-linux-x86_64-debian-gcc 2.0.0 3.72 20.56 24.28 OK
r-devel-linux-x86_64-fedora-clang 2.0.0 38.78 NOTE
r-devel-linux-x86_64-fedora-gcc 2.0.0 38.26 OK
r-devel-windows-x86_64 2.0.0 7.00 43.00 50.00 NOTE
r-patched-linux-x86_64 2.0.0 6.27 25.46 31.73 OK
r-release-linux-x86_64 2.0.0 6.20 25.07 31.27 OK
r-release-macos-arm64 2.0.0 17.00 NOTE
r-release-macos-x86_64 2.0.0 25.00 NOTE
r-release-windows-x86_64 2.0.0 7.00 44.00 51.00 NOTE
r-oldrel-macos-arm64 2.0.0 18.00 NOTE
r-oldrel-macos-x86_64 2.0.0 24.00 NOTE
r-oldrel-windows-x86_64 2.0.0 8.00 45.00 53.00 NOTE

Check Details

Version: 2.0.0
Check: installed package size
Result: NOTE installed size is 7.8Mb sub-directories of 1Mb or more: corpora 7.6Mb Flavors: r-devel-linux-x86_64-fedora-clang, r-devel-windows-x86_64, r-release-macos-arm64, r-release-macos-x86_64, r-release-windows-x86_64, r-oldrel-macos-arm64, r-oldrel-macos-x86_64, r-oldrel-windows-x86_64