Last updated on 2023-05-29 00:59:42 CEST.
Flavor | Version | Tinstall | Tcheck | Ttotal | Status | Flags |
---|---|---|---|---|---|---|
r-devel-linux-x86_64-debian-clang | 2.0.0 | 5.11 | 25.76 | 30.87 | OK | |
r-devel-linux-x86_64-debian-gcc | 2.0.0 | 3.65 | 20.32 | 23.97 | OK | |
r-devel-linux-x86_64-fedora-clang | 2.0.0 | 37.39 | NOTE | |||
r-devel-linux-x86_64-fedora-gcc | 2.0.0 | 35.55 | OK | |||
r-devel-windows-x86_64 | 2.0.0 | 6.00 | 41.00 | 47.00 | NOTE | |
r-patched-linux-x86_64 | 2.0.0 | 4.89 | 24.86 | 29.75 | OK | |
r-release-linux-x86_64 | 2.0.0 | 5.02 | 25.49 | 30.51 | OK | |
r-release-macos-arm64 | 2.0.0 | 18.00 | NOTE | |||
r-release-macos-x86_64 | 2.0.0 | 24.00 | NOTE | |||
r-release-windows-x86_64 | 2.0.0 | 8.00 | 44.00 | 52.00 | NOTE | |
r-oldrel-macos-arm64 | 2.0.0 | 18.00 | NOTE | |||
r-oldrel-macos-x86_64 | 2.0.0 | 25.00 | NOTE | |||
r-oldrel-windows-x86_64 | 2.0.0 | 11.00 | 45.00 | 56.00 | NOTE |
Version: 2.0.0
Check: installed package size
Result: NOTE
installed size is 7.8Mb
sub-directories of 1Mb or more:
corpora 7.6Mb
Flavors: r-devel-linux-x86_64-fedora-clang, r-devel-windows-x86_64, r-release-macos-arm64, r-release-macos-x86_64, r-release-windows-x86_64, r-oldrel-macos-arm64, r-oldrel-macos-x86_64, r-oldrel-windows-x86_64