Last updated on 2023-06-10 00:54:55 CEST.
Flavor | Version | Tinstall | Tcheck | Ttotal | Status | Flags |
---|---|---|---|---|---|---|
r-devel-linux-x86_64-debian-clang | 0.1.4 | 13.72 | 122.54 | 136.26 | NOTE | |
r-devel-linux-x86_64-debian-gcc | 0.1.4 | 9.75 | 89.53 | 99.28 | NOTE | |
r-devel-linux-x86_64-fedora-clang | 0.1.4 | 162.33 | NOTE | |||
r-devel-linux-x86_64-fedora-gcc | 0.1.4 | 170.95 | NOTE | |||
r-devel-windows-x86_64 | 0.1.4 | 14.00 | 149.00 | 163.00 | NOTE | |
r-patched-linux-x86_64 | 0.1.4 | 24.69 | 113.99 | 138.68 | NOTE | |
r-release-linux-x86_64 | 0.1.4 | 8.02 | 112.46 | 120.48 | NOTE | |
r-release-macos-arm64 | 0.1.4 | 55.00 | NOTE | |||
r-release-macos-x86_64 | 0.1.4 | 93.00 | NOTE | |||
r-release-windows-x86_64 | 0.1.4 | 17.00 | 172.00 | 189.00 | NOTE | |
r-oldrel-macos-arm64 | 0.1.4 | 48.00 | NOTE | |||
r-oldrel-macos-x86_64 | 0.1.4 | 79.00 | NOTE | |||
r-oldrel-windows-x86_64 | 0.1.4 | 15.00 | 138.00 | 153.00 | NOTE |
Version: 0.1.4
Check: LazyData
Result: NOTE
'LazyData' is specified without a 'data' directory
Flavors: r-devel-linux-x86_64-debian-clang, r-devel-linux-x86_64-debian-gcc, r-devel-linux-x86_64-fedora-clang, r-devel-linux-x86_64-fedora-gcc, r-devel-windows-x86_64, r-patched-linux-x86_64, r-release-linux-x86_64, r-release-macos-arm64, r-release-macos-x86_64, r-release-windows-x86_64, r-oldrel-macos-arm64, r-oldrel-macos-x86_64, r-oldrel-windows-x86_64