CRAN Package Check Results for Package rdi

Last updated on 2024-03-05 00:51:55 CET.

Flavor Version Tinstall Tcheck Ttotal Status Flags
r-devel-linux-x86_64-debian-clang 1.0.0 4.63 45.51 50.14 NOTE
r-devel-linux-x86_64-debian-gcc 1.0.0 2.98 34.21 37.19 NOTE
r-devel-linux-x86_64-fedora-clang 1.0.0 60.84 NOTE
r-devel-linux-x86_64-fedora-gcc 1.0.0 58.96 NOTE
r-devel-windows-x86_64 1.0.0 5.00 56.00 61.00 NOTE
r-patched-linux-x86_64 1.0.0 4.26 45.92 50.18 NOTE
r-release-linux-x86_64 1.0.0 4.04 45.25 49.29 NOTE
r-release-macos-arm64 1.0.0 21.00 NOTE
r-release-macos-x86_64 1.0.0 28.00 NOTE
r-release-windows-x86_64 1.0.0 6.00 59.00 65.00 NOTE
r-oldrel-macos-arm64 1.0.0 20.00 NOTE
r-oldrel-windows-x86_64 1.0.0 7.00 61.00 68.00 NOTE

Check Details

Version: 1.0.0
Check: LazyData
Result: NOTE 'LazyData' is specified without a 'data' directory Flavors: r-devel-linux-x86_64-debian-clang, r-devel-linux-x86_64-debian-gcc, r-devel-linux-x86_64-fedora-clang, r-devel-linux-x86_64-fedora-gcc, r-devel-windows-x86_64, r-patched-linux-x86_64, r-release-linux-x86_64, r-release-macos-arm64, r-release-macos-x86_64, r-release-windows-x86_64, r-oldrel-macos-arm64, r-oldrel-windows-x86_64