Last updated on 2023-09-27 23:37:43 CEST.
Flavor | Version | Tinstall | Tcheck | Ttotal | Status | Flags |
---|---|---|---|---|---|---|
r-devel-linux-x86_64-debian-clang | 1.0.4 | 8.31 | 161.47 | 169.78 | NOTE | |
r-devel-linux-x86_64-debian-gcc | 1.0.4 | 6.70 | 121.02 | 127.72 | NOTE | |
r-devel-linux-x86_64-fedora-clang | 1.0.4 | 207.04 | NOTE | |||
r-devel-linux-x86_64-fedora-gcc | 1.0.4 | 207.96 | NOTE | |||
r-devel-windows-x86_64 | 1.0.4 | 13.00 | 133.00 | 146.00 | OK | |
r-patched-linux-x86_64 | 1.0.4 | 6.87 | 155.78 | 162.65 | NOTE | |
r-release-linux-x86_64 | 1.0.4 | 6.21 | 151.02 | 157.23 | NOTE | |
r-release-macos-arm64 | 1.0.4 | 62.00 | OK | |||
r-release-macos-x86_64 | 1.0.4 | 119.00 | OK | |||
r-release-windows-x86_64 | 1.0.4 | 17.00 | 155.00 | 172.00 | NOTE | |
r-oldrel-macos-arm64 | 1.0.4 | 58.00 | OK | |||
r-oldrel-macos-x86_64 | 1.0.4 | 84.00 | OK | |||
r-oldrel-windows-x86_64 | 1.0.4 | 17.00 | 165.00 | 182.00 | NOTE |
Version: 1.0.4
Check: package dependencies
Result: NOTE
Package suggested but not available for checking: ‘DIDmultiplegt’
Flavors: r-devel-linux-x86_64-debian-clang, r-devel-linux-x86_64-debian-gcc, r-devel-linux-x86_64-fedora-clang, r-devel-linux-x86_64-fedora-gcc, r-patched-linux-x86_64, r-release-windows-x86_64, r-oldrel-windows-x86_64
Version: 1.0.4
Check: data for non-ASCII characters
Result: NOTE
Note: found 5 marked UTF-8 strings
Flavors: r-devel-linux-x86_64-fedora-clang, r-devel-linux-x86_64-fedora-gcc
Version: 1.0.4
Check: package dependencies
Result: NOTE
Packages suggested but not available for checking:
'DIDmultiplegt', 'rstanarm'
Flavor: r-release-linux-x86_64