Last updated on 2023-05-29 00:59:43 CEST.
Flavor | Version | Tinstall | Tcheck | Ttotal | Status | Flags |
---|---|---|---|---|---|---|
r-devel-linux-x86_64-debian-clang | 1.7.1 | 15.41 | 129.53 | 144.94 | OK | |
r-devel-linux-x86_64-debian-gcc | 1.7.1 | 14.13 | 100.06 | 114.19 | OK | |
r-devel-linux-x86_64-fedora-clang | 1.7.1 | 185.97 | NOTE | |||
r-devel-linux-x86_64-fedora-gcc | 1.7.1 | 195.52 | OK | |||
r-devel-windows-x86_64 | 1.7.1 | 15.00 | 130.00 | 145.00 | NOTE | |
r-patched-linux-x86_64 | 1.7.1 | 20.13 | 122.99 | 143.12 | OK | |
r-release-linux-x86_64 | 1.7.1 | 13.50 | 124.60 | 138.10 | OK | |
r-release-macos-arm64 | 1.7.1 | 74.00 | NOTE | |||
r-release-macos-x86_64 | 1.7.1 | 170.00 | NOTE | |||
r-release-windows-x86_64 | 1.7.1 | 24.00 | 155.00 | 179.00 | NOTE | |
r-oldrel-macos-arm64 | 1.7.1 | 66.00 | NOTE | |||
r-oldrel-macos-x86_64 | 1.7.1 | 82.00 | NOTE | |||
r-oldrel-windows-x86_64 | 1.7.1 | 20.00 | 137.00 | 157.00 | NOTE |
Version: 1.7.1
Check: installed package size
Result: NOTE
installed size is 6.0Mb
sub-directories of 1Mb or more:
R 4.0Mb
data 1.5Mb
Flavors: r-devel-linux-x86_64-fedora-clang, r-devel-windows-x86_64, r-release-macos-arm64, r-release-macos-x86_64, r-release-windows-x86_64, r-oldrel-macos-arm64, r-oldrel-macos-x86_64, r-oldrel-windows-x86_64