Last updated on 2023-12-06 00:58:25 CET.
Flavor | Version | Tinstall | Tcheck | Ttotal | Status | Flags |
---|---|---|---|---|---|---|
r-devel-linux-x86_64-debian-clang | 0.4.14 | 7.63 | 71.96 | 79.59 | NOTE | |
r-devel-linux-x86_64-debian-gcc | 0.4.14 | 6.20 | 54.21 | 60.41 | NOTE | |
r-devel-linux-x86_64-fedora-clang | 0.4.14 | 99.35 | OK | |||
r-devel-linux-x86_64-fedora-gcc | 0.4.14 | 103.81 | OK | |||
r-devel-windows-x86_64 | 0.4.14 | 7.00 | 77.00 | 84.00 | OK | |
r-patched-linux-x86_64 | 0.4.14 | 4.64 | 67.68 | 72.32 | OK | |
r-release-linux-x86_64 | 0.4.14 | 5.23 | 67.00 | 72.23 | OK | |
r-release-macos-arm64 | 0.4.14 | 36.00 | OK | |||
r-release-macos-x86_64 | 0.4.14 | 81.00 | OK | |||
r-release-windows-x86_64 | 0.4.14 | 10.00 | 79.00 | 89.00 | OK | |
r-oldrel-macos-arm64 | 0.4.14 | 34.00 | OK | |||
r-oldrel-macos-x86_64 | 0.4.14 | 52.00 | OK | |||
r-oldrel-windows-x86_64 | 0.4.14 | 10.00 | 86.00 | 96.00 | OK |
Version: 0.4.14
Check: Rd files
Result: NOTE
checkRd: (-1) read_awe.Rd:21: Lost braces in \itemize; meant \describe ?
checkRd: (-1) read_awe.Rd:22: Lost braces in \itemize; meant \describe ?
checkRd: (-1) read_awe.Rd:23: Lost braces in \itemize; meant \describe ?
checkRd: (-1) read_payrolls.Rd:16-17: Lost braces in \itemize; meant \describe ?
checkRd: (-1) read_payrolls.Rd:18-19: Lost braces in \itemize; meant \describe ?
checkRd: (-1) read_payrolls.Rd:20: Lost braces in \itemize; meant \describe ?
checkRd: (-1) read_payrolls.Rd:21-22: Lost braces in \itemize; meant \describe ?
checkRd: (-1) read_payrolls.Rd:23-24: Lost braces in \itemize; meant \describe ?
checkRd: (-1) read_payrolls.Rd:25-26: Lost braces in \itemize; meant \describe ?
checkRd: (-1) read_payrolls.Rd:27-28: Lost braces in \itemize; meant \describe ?
checkRd: (-1) read_payrolls.Rd:29: Lost braces in \itemize; meant \describe ?
Flavors: r-devel-linux-x86_64-debian-clang, r-devel-linux-x86_64-debian-gcc