Last updated on 2023-03-22 00:52:30 CET.
Flavor | Version | Tinstall | Tcheck | Ttotal | Status | Flags |
---|---|---|---|---|---|---|
r-devel-linux-x86_64-debian-clang | 1.0.6 | 3.22 | 29.08 | 32.30 | NOTE | |
r-devel-linux-x86_64-debian-gcc | 1.0.6 | 2.34 | 22.93 | 25.27 | NOTE | |
r-devel-linux-x86_64-fedora-clang | 1.0.6 | 42.85 | NOTE | |||
r-devel-linux-x86_64-fedora-gcc | 1.0.6 | 39.48 | NOTE | |||
r-patched-linux-x86_64 | 1.0.6 | 3.88 | 30.94 | 34.82 | NOTE | |
r-release-linux-x86_64 | 1.0.6 | 3.37 | 30.29 | 33.66 | NOTE | |
r-release-macos-arm64 | 1.0.6 | 19.00 | OK | |||
r-release-macos-x86_64 | 1.0.6 | 24.00 | OK | |||
r-release-windows-x86_64 | 1.0.6 | 13.00 | 61.00 | 74.00 | OK | |
r-oldrel-macos-arm64 | 1.0.6 | 23.00 | OK | |||
r-oldrel-macos-x86_64 | 1.0.6 | 31.00 | OK | |||
r-oldrel-windows-ix86+x86_64 | 1.0.6 | 8.00 | 56.00 | 64.00 | OK |
Version: 1.0.6
Check: for non-standard things in the check directory
Result: NOTE
Found the following files/directories:
‘temp.txt’ ‘temp2.csv’ ‘temp3.rda’
Flavors: r-devel-linux-x86_64-debian-clang, r-devel-linux-x86_64-debian-gcc, r-devel-linux-x86_64-fedora-clang, r-devel-linux-x86_64-fedora-gcc, r-patched-linux-x86_64, r-release-linux-x86_64