CRAN Package Check Results for Package readit

Last updated on 2021-10-24 00:51:09 CEST.

Flavor Version Tinstall Tcheck Ttotal Status Flags
r-devel-linux-x86_64-debian-clang 1.0.0 4.24 47.72 51.96 NOTE
r-devel-linux-x86_64-debian-gcc 1.0.0 3.54 35.62 39.16 NOTE
r-devel-linux-x86_64-fedora-clang 1.0.0 71.67 NOTE
r-devel-linux-x86_64-fedora-gcc 1.0.0 61.06 NOTE
r-devel-windows-x86_64 1.0.0 8.00 53.00 61.00 NOTE
r-devel-windows-x86_64-gcc10-UCRT 1.0.0 NOTE
r-patched-linux-x86_64 1.0.0 4.61 44.16 48.77 NOTE
r-patched-solaris-x86 1.0.0 89.70 NOTE
r-release-linux-x86_64 1.0.0 4.10 43.48 47.58 NOTE
r-release-macos-arm64 1.0.0 NOTE
r-release-macos-x86_64 1.0.0 NOTE
r-release-windows-ix86+x86_64 1.0.0 8.00 72.00 80.00 NOTE
r-oldrel-macos-x86_64 1.0.0 OK
r-oldrel-windows-ix86+x86_64 1.0.0 11.00 72.00 83.00 OK

Check Details

Version: 1.0.0
Check: LazyData
Result: NOTE
     'LazyData' is specified without a 'data' directory
Flavors: r-devel-linux-x86_64-debian-clang, r-devel-linux-x86_64-debian-gcc, r-devel-linux-x86_64-fedora-clang, r-devel-linux-x86_64-fedora-gcc, r-devel-windows-x86_64, r-devel-windows-x86_64-gcc10-UCRT, r-patched-linux-x86_64, r-patched-solaris-x86, r-release-linux-x86_64, r-release-macos-arm64, r-release-macos-x86_64, r-release-windows-ix86+x86_64