CRAN Package Check Results for Package readtext

Last updated on 2021-12-06 00:48:39 CET.

Flavor Version Tinstall Tcheck Ttotal Status Flags
r-devel-linux-x86_64-debian-clang 0.81 5.45 70.57 76.02 OK
r-devel-linux-x86_64-debian-gcc 0.81 3.82 54.43 58.25 OK
r-devel-linux-x86_64-fedora-clang 0.81 92.67 NOTE
r-devel-linux-x86_64-fedora-gcc 0.81 87.21 NOTE
r-devel-windows-x86_64-new-UL 0.81 20.00 109.00 129.00 OK
r-devel-windows-x86_64-new-TK 0.81 NOTE
r-devel-windows-x86_64-old 0.81 9.00 70.00 79.00 OK
r-patched-linux-x86_64 0.81 10.12 59.67 69.79 OK
r-release-linux-x86_64 0.81 5.25 67.36 72.61 OK
r-release-macos-arm64 0.81 NOTE
r-release-macos-x86_64 0.81 NOTE
r-release-windows-ix86+x86_64 0.81 11.00 91.00 102.00 OK
r-oldrel-macos-x86_64 0.81 NOTE
r-oldrel-windows-ix86+x86_64 0.81 12.00 83.00 95.00 OK

Check Details

Version: 0.81
Check: data for non-ASCII characters
Result: NOTE
     Note: found 1 marked Latin-1 string
     Note: found 1 marked UTF-8 string
     Note: found 7 strings marked as "bytes"
Flavors: r-devel-linux-x86_64-fedora-clang, r-devel-linux-x86_64-fedora-gcc, r-devel-windows-x86_64-new-TK, r-release-macos-arm64, r-release-macos-x86_64, r-oldrel-macos-x86_64