CRAN Package Check Results for Package readtextgrid

Last updated on 2021-10-20 00:49:51 CEST.

Flavor Version Tinstall Tcheck Ttotal Status Flags
r-devel-linux-x86_64-debian-clang 0.1.1 2.06 25.44 27.50 NOTE
r-devel-linux-x86_64-debian-gcc 0.1.1 1.73 19.40 21.13 NOTE
r-devel-linux-x86_64-fedora-clang 0.1.1 43.50 NOTE
r-devel-linux-x86_64-fedora-gcc 0.1.1 32.94 NOTE
r-devel-windows-x86_64 0.1.1 4.00 36.00 40.00 NOTE
r-devel-windows-x86_64-gcc10-UCRT 0.1.1 NOTE
r-patched-linux-x86_64 0.1.1 2.22 23.98 26.20 NOTE
r-patched-solaris-x86 0.1.1 54.10 NOTE
r-release-linux-x86_64 0.1.1 2.09 24.32 26.41 NOTE
r-release-macos-arm64 0.1.1 NOTE
r-release-macos-x86_64 0.1.1 NOTE
r-release-windows-ix86+x86_64 0.1.1 20.00 43.00 63.00 NOTE
r-oldrel-macos-x86_64 0.1.1 OK
r-oldrel-windows-ix86+x86_64 0.1.1 5.00 43.00 48.00 OK

Check Details

Version: 0.1.1
Check: LazyData
Result: NOTE
     'LazyData' is specified without a 'data' directory
Flavors: r-devel-linux-x86_64-debian-clang, r-devel-linux-x86_64-debian-gcc, r-devel-linux-x86_64-fedora-clang, r-devel-linux-x86_64-fedora-gcc, r-devel-windows-x86_64, r-devel-windows-x86_64-gcc10-UCRT, r-patched-linux-x86_64, r-patched-solaris-x86, r-release-linux-x86_64, r-release-macos-arm64, r-release-macos-x86_64, r-release-windows-ix86+x86_64