Last updated on 2023-05-30 00:59:54 CEST.
Flavor | Version | Tinstall | Tcheck | Ttotal | Status | Flags |
---|---|---|---|---|---|---|
r-devel-linux-x86_64-debian-clang | 0.3.0 | 77.90 | 68.24 | 146.14 | OK | |
r-devel-linux-x86_64-debian-gcc | 0.3.0 | 65.38 | 54.80 | 120.18 | OK | |
r-devel-linux-x86_64-fedora-clang | 0.3.0 | 208.99 | OK | |||
r-devel-linux-x86_64-fedora-gcc | 0.3.0 | 222.08 | OK | |||
r-devel-windows-x86_64 | 0.3.0 | 55.00 | 93.00 | 148.00 | OK | |
r-patched-linux-x86_64 | 0.3.0 | 75.08 | 66.76 | 141.84 | OK | |
r-release-linux-x86_64 | 0.3.0 | 71.60 | 66.29 | 137.89 | OK | |
r-release-macos-arm64 | 0.3.0 | 63.00 | NOTE | |||
r-release-macos-x86_64 | 0.3.0 | 90.00 | NOTE | |||
r-release-windows-x86_64 | 0.3.0 | 79.00 | 113.00 | 192.00 | OK | |
r-oldrel-macos-arm64 | 0.3.0 | 55.00 | NOTE | |||
r-oldrel-macos-x86_64 | 0.3.0 | 72.00 | NOTE | |||
r-oldrel-windows-x86_64 | 0.3.0 | 72.00 | 102.00 | 174.00 | OK |
Version: 0.3.0
Check: installed package size
Result: NOTE
installed size is 5.2Mb
sub-directories of 1Mb or more:
doc 2.5Mb
libs 2.6Mb
Flavors: r-release-macos-arm64, r-release-macos-x86_64, r-oldrel-macos-arm64, r-oldrel-macos-x86_64