CRAN Package Check Results for Package recometrics

Last updated on 2024-06-14 00:53:55 CEST.

Flavor Version Tinstall Tcheck Ttotal Status Flags
r-devel-linux-x86_64-debian-clang 0.1.6-3 48.94 114.00 162.94 OK
r-devel-linux-x86_64-debian-gcc 0.1.6-3 30.74 79.63 110.37 ERROR
r-devel-linux-x86_64-fedora-clang 0.1.6-3 207.31 OK
r-devel-linux-x86_64-fedora-gcc 0.1.6-3 214.82 OK
r-devel-windows-x86_64 0.1.6-3 39.00 120.00 159.00 OK
r-patched-linux-x86_64 0.1.6-3 37.91 113.32 151.23 OK
r-release-linux-x86_64 0.1.6-3 37.60 112.98 150.58 OK
r-release-macos-arm64 0.1.6-3 61.00 OK
r-release-macos-x86_64 0.1.6-3 96.00 OK
r-release-windows-x86_64 0.1.6-3 39.00 125.00 164.00 OK
r-oldrel-macos-arm64 0.1.6-3 71.00 OK
r-oldrel-macos-x86_64 0.1.6-3 95.00 OK
r-oldrel-windows-x86_64 0.1.6-3 38.00 143.00 181.00 OK

Additional issues

Intel

Check Details

Version: 0.1.6-3
Check: package dependencies
Result: NOTE Packages suggested but not available for checking: 'kableExtra', 'testthat' Flavor: r-devel-linux-x86_64-debian-gcc

Version: 0.1.6-3
Check: tests
Result: ERROR Running ‘testthat.R’ [0s/1s] Running the tests in ‘tests/testthat.R’ failed. Complete output: > Sys.setenv("R_TESTS" = "") > library(testthat) Error in library(testthat) : there is no package called 'testthat' Execution halted Flavor: r-devel-linux-x86_64-debian-gcc

Version: 0.1.6-3
Check: re-building of vignette outputs
Result: ERROR Error(s) in re-building vignettes: ... --- re-building ‘Evaluating_recommender_systems.Rmd’ using rmarkdown Quitting from lines 265-279 [unnamed-chunk-3] (Evaluating_recommender_systems.Rmd) Error: processing vignette 'Evaluating_recommender_systems.Rmd' failed with diagnostics: there is no package called 'kableExtra' --- failed re-building ‘Evaluating_recommender_systems.Rmd’ SUMMARY: processing the following file failed: ‘Evaluating_recommender_systems.Rmd’ Error: Vignette re-building failed. Execution halted Flavor: r-devel-linux-x86_64-debian-gcc