CRAN Package Check Results for Package recurse

Last updated on 2024-06-14 00:53:55 CEST.

Flavor Version Tinstall Tcheck Ttotal Status Flags
r-devel-linux-x86_64-debian-clang 1.3.0 30.44 111.64 142.08 OK
r-devel-linux-x86_64-debian-gcc 1.3.0 19.54 70.62 90.16 ERROR
r-devel-linux-x86_64-fedora-clang 1.3.0 179.90 OK
r-devel-linux-x86_64-fedora-gcc 1.3.0 184.26 OK
r-devel-windows-x86_64 1.3.0 22.00 114.00 136.00 OK
r-patched-linux-x86_64 1.3.0 25.57 103.03 128.60 OK
r-release-linux-x86_64 1.3.0 23.77 107.52 131.29 OK
r-release-macos-arm64 1.3.0 45.00 OK
r-release-macos-x86_64 1.3.0 69.00 OK
r-release-windows-x86_64 1.3.0 22.00 116.00 138.00 OK
r-oldrel-macos-arm64 1.3.0 58.00 OK
r-oldrel-macos-x86_64 1.3.0 141.00 OK
r-oldrel-windows-x86_64 1.3.0 25.00 130.00 155.00 OK

Additional issues

noSuggests

Check Details

Version: 1.3.0
Check: package dependencies
Result: NOTE Packages suggested but not available for checking: 'testthat', 'prevR' Flavor: r-devel-linux-x86_64-debian-gcc

Version: 1.3.0
Check: tests
Result: ERROR Running ‘testthat.R’ [0s/1s] Running the tests in ‘tests/testthat.R’ failed. Complete output: > library(testthat) Error in library(testthat) : there is no package called 'testthat' Execution halted Flavor: r-devel-linux-x86_64-debian-gcc