Last updated on 2023-12-09 00:52:50 CET.
Flavor | Version | Tinstall | Tcheck | Ttotal | Status | Flags |
---|---|---|---|---|---|---|
r-devel-linux-x86_64-debian-clang | 2.8.0 | 12.03 | 82.51 | 94.54 | NOTE | |
r-devel-linux-x86_64-debian-gcc | 2.8.0 | 9.84 | 62.17 | 72.01 | NOTE | |
r-devel-linux-x86_64-fedora-clang | 2.8.0 | 118.84 | OK | |||
r-devel-linux-x86_64-fedora-gcc | 2.8.0 | 127.46 | OK | |||
r-devel-windows-x86_64 | 2.8.0 | 12.00 | 104.00 | 116.00 | OK | |
r-patched-linux-x86_64 | 2.8.0 | 12.86 | 80.20 | 93.06 | OK | |
r-release-linux-x86_64 | 2.8.0 | 8.96 | 80.29 | 89.25 | OK | |
r-release-macos-arm64 | 2.8.0 | 50.00 | OK | |||
r-release-macos-x86_64 | 2.8.0 | 77.00 | OK | |||
r-release-windows-x86_64 | 2.8.0 | 16.00 | 121.00 | 137.00 | OK | |
r-oldrel-macos-arm64 | 2.8.0 | 40.00 | OK | |||
r-oldrel-macos-x86_64 | 2.8.0 | 55.00 | OK | |||
r-oldrel-windows-x86_64 | 2.8.0 | 14.00 | 96.00 | 110.00 | OK |
Version: 2.8.0
Check: Rd files
Result: NOTE
checkRd: (-1) fieldCastingFunctions.Rd:73-75: Lost braces
73 | {date_, datetime_, datetime_seconds_, time_mm_ss, time_hh_mm_ss, time, float,
| ^
checkRd: (-1) recordsTypedMethods.Rd:121-123: Lost braces
121 | {date_, datetime_, datetime_seconds_, time_mm_ss, time_hh_mm_ss, time, float,
| ^
checkRd: (-1) recordsTypedMethods.Rd:143: Lost braces; missing escapes or markup?
143 | HTML and UNICODE raw label and scanning for units={"UNITS"} in description}
| ^
Flavors: r-devel-linux-x86_64-debian-clang, r-devel-linux-x86_64-debian-gcc