CRAN Package Check Results for Package redoc

Last updated on 2023-09-26 01:06:32 CEST.

Flavor Version Tinstall Tcheck Ttotal Status Flags
r-devel-linux-x86_64-debian-clang 2.0.0.49 2.30 20.76 23.06 NOTE
r-devel-linux-x86_64-debian-gcc 2.0.0.49 1.74 16.56 18.30 NOTE
r-devel-linux-x86_64-fedora-clang 2.0.0.49 29.72 NOTE
r-devel-linux-x86_64-fedora-gcc 2.0.0.49 27.70 NOTE
r-devel-windows-x86_64 2.0.0.49 3.00 39.00 42.00 NOTE
r-patched-linux-x86_64 2.0.0.49 1.67 20.31 21.98 NOTE
r-release-linux-x86_64 2.0.0.49 2.30 20.42 22.72 NOTE
r-release-macos-arm64 2.0.0.49 13.00 NOTE
r-release-macos-x86_64 2.0.0.49 18.00 NOTE
r-release-windows-x86_64 2.0.0.49 4.00 37.00 41.00 NOTE
r-oldrel-macos-arm64 2.0.0.49 13.00 NOTE
r-oldrel-macos-x86_64 2.0.0.49 20.00 NOTE
r-oldrel-windows-x86_64 2.0.0.49 4.00 41.00 45.00 NOTE

Check Details

Version: 2.0.0.49
Check: LazyData
Result: NOTE
     'LazyData' is specified without a 'data' directory
Flavors: r-devel-linux-x86_64-debian-clang, r-devel-linux-x86_64-debian-gcc, r-devel-linux-x86_64-fedora-clang, r-devel-linux-x86_64-fedora-gcc, r-devel-windows-x86_64, r-patched-linux-x86_64, r-release-linux-x86_64, r-release-macos-arm64, r-release-macos-x86_64, r-release-windows-x86_64, r-oldrel-macos-arm64, r-oldrel-macos-x86_64, r-oldrel-windows-x86_64