Last updated on 2023-09-23 00:54:03 CEST.
Flavor | Version | Tinstall | Tcheck | Ttotal | Status | Flags |
---|---|---|---|---|---|---|
r-devel-linux-x86_64-debian-clang | 0.3.2 | 52.89 | 38.41 | 91.30 | NOTE | |
r-devel-linux-x86_64-debian-gcc | 0.3.2 | 36.14 | 28.68 | 64.82 | NOTE | |
r-devel-linux-x86_64-fedora-clang | 0.3.2 | 136.96 | NOTE | |||
r-devel-linux-x86_64-fedora-gcc | 0.3.2 | 135.88 | NOTE | |||
r-devel-windows-x86_64 | 0.3.2 | 36.00 | 72.00 | 108.00 | NOTE | |
r-patched-linux-x86_64 | 0.3.2 | 53.79 | 34.85 | 88.64 | NOTE | |
r-release-linux-x86_64 | 0.3.2 | 48.23 | 35.01 | 83.24 | NOTE | |
r-release-macos-arm64 | 0.3.2 | 36.00 | NOTE | |||
r-release-macos-x86_64 | 0.3.2 | 56.00 | NOTE | |||
r-release-windows-x86_64 | 0.3.2 | 38.00 | 79.00 | 117.00 | NOTE | |
r-oldrel-macos-arm64 | 0.3.2 | 37.00 | OK | |||
r-oldrel-macos-x86_64 | 0.3.2 | 49.00 | OK | |||
r-oldrel-windows-x86_64 | 0.3.2 | 49.00 | 77.00 | 126.00 | OK |
Version: 0.3.2
Check: C++ specification
Result: NOTE
Specified C++11: please drop specification unless essential
Flavors: r-devel-linux-x86_64-debian-clang, r-devel-linux-x86_64-debian-gcc, r-devel-linux-x86_64-fedora-clang, r-devel-linux-x86_64-fedora-gcc, r-devel-windows-x86_64, r-patched-linux-x86_64, r-release-linux-x86_64, r-release-macos-arm64, r-release-macos-x86_64, r-release-windows-x86_64