CRAN Package Check Results for Package refuge

Last updated on 2021-10-27 00:51:16 CEST.

Flavor Version Tinstall Tcheck Ttotal Status Flags
r-devel-linux-x86_64-debian-clang 0.3.3 4.28 43.98 48.26 NOTE
r-devel-linux-x86_64-debian-gcc 0.3.3 3.17 33.56 36.73 NOTE
r-devel-linux-x86_64-fedora-clang 0.3.3 69.66 NOTE
r-devel-linux-x86_64-fedora-gcc 0.3.3 57.13 NOTE
r-devel-windows-x86_64 0.3.3 7.00 50.00 57.00 NOTE
r-devel-windows-x86_64-gcc10-UCRT 0.3.3 NOTE
r-patched-linux-x86_64 0.3.3 4.66 40.71 45.37 NOTE
r-patched-solaris-x86 0.3.3 85.70 NOTE
r-release-linux-x86_64 0.3.3 3.88 40.62 44.50 NOTE
r-release-macos-arm64 0.3.3 NOTE
r-release-macos-x86_64 0.3.3 NOTE
r-release-windows-ix86+x86_64 0.3.3 8.00 69.00 77.00 NOTE
r-oldrel-macos-x86_64 0.3.3 OK
r-oldrel-windows-ix86+x86_64 0.3.3 11.00 67.00 78.00 OK

Check Details

Version: 0.3.3
Check: LazyData
Result: NOTE
     'LazyData' is specified without a 'data' directory
Flavors: r-devel-linux-x86_64-debian-clang, r-devel-linux-x86_64-debian-gcc, r-devel-linux-x86_64-fedora-clang, r-devel-linux-x86_64-fedora-gcc, r-devel-windows-x86_64, r-devel-windows-x86_64-gcc10-UCRT, r-patched-linux-x86_64, r-patched-solaris-x86, r-release-linux-x86_64, r-release-macos-arm64, r-release-macos-x86_64, r-release-windows-ix86+x86_64