CRAN Package Check Results for Package regRSM

Last updated on 2021-12-08 00:49:29 CET.

Flavor Version Tinstall Tcheck Ttotal Status Flags
r-devel-linux-x86_64-debian-clang 0.5 3.29 64.62 67.91 OK
r-devel-linux-x86_64-debian-gcc 0.5 2.71 49.60 52.31 OK
r-devel-linux-x86_64-fedora-clang 0.5 88.17 OK
r-devel-linux-x86_64-fedora-gcc 0.5 77.65 OK
r-devel-windows-x86_64-new-UL 0.5 7.00 85.00 92.00 OK
r-devel-windows-x86_64-new-TK 0.5 OK
r-devel-windows-x86_64-old 0.5 5.00 55.00 60.00 OK
r-patched-linux-x86_64 0.5 3.58 61.91 65.49 OK
r-release-linux-x86_64 0.5 3.34 61.87 65.21 OK
r-release-macos-arm64 0.5 ERROR
r-release-macos-x86_64 0.5 ERROR
r-release-windows-ix86+x86_64 0.5 5.00 71.00 76.00 OK
r-oldrel-macos-x86_64 0.5 ERROR
r-oldrel-windows-ix86+x86_64 0.5 6.00 73.00 79.00 OK

Check Details

Version: 0.5
Check: package dependencies
Result: ERROR
    Package required but not available: ‘Rmpi’
    
    See section ‘The DESCRIPTION file’ in the ‘Writing R Extensions’
    manual.
Flavors: r-release-macos-arm64, r-release-macos-x86_64, r-oldrel-macos-x86_64