CRAN Package Check Results for Package regions

Last updated on 2021-10-18 00:48:25 CEST.

Flavor Version Tinstall Tcheck Ttotal Status Flags
r-devel-linux-x86_64-debian-clang 0.1.8 10.19 85.38 95.57 OK
r-devel-linux-x86_64-debian-gcc 0.1.8 8.27 67.06 75.33 OK
r-devel-linux-x86_64-fedora-clang 0.1.8 124.34 NOTE
r-devel-linux-x86_64-fedora-gcc 0.1.8 113.59 NOTE
r-devel-windows-x86_64 0.1.8 17.00 103.00 120.00 OK
r-devel-windows-x86_64-gcc10-UCRT 0.1.8 NOTE
r-patched-linux-x86_64 0.1.8 9.54 86.53 96.07 OK
r-patched-solaris-x86 0.1.8 170.90 NOTE
r-release-linux-x86_64 0.1.8 9.44 85.97 95.41 OK
r-release-macos-arm64 0.1.8 NOTE
r-release-macos-x86_64 0.1.8 NOTE
r-release-windows-ix86+x86_64 0.1.8 25.00 120.00 145.00 OK
r-oldrel-macos-x86_64 0.1.8 NOTE
r-oldrel-windows-ix86+x86_64 0.1.8 22.00 128.00 150.00 OK

Check Details

Version: 0.1.8
Check: data for non-ASCII characters
Result: NOTE
     Note: found 2 marked Latin-1 strings
     Note: found 50022 marked UTF-8 strings
Flavors: r-devel-linux-x86_64-fedora-clang, r-devel-linux-x86_64-fedora-gcc, r-devel-windows-x86_64-gcc10-UCRT, r-patched-solaris-x86, r-release-macos-arm64, r-release-macos-x86_64, r-oldrel-macos-x86_64