CRAN Package Check Results for Package regmedint

Last updated on 2021-10-21 00:49:57 CEST.

Flavor Version Tinstall Tcheck Ttotal Status Flags
r-devel-linux-x86_64-debian-clang 0.2.1 7.95 167.04 174.99 OK
r-devel-linux-x86_64-debian-gcc 0.2.1 8.62 122.95 131.57 OK
r-devel-linux-x86_64-fedora-clang 0.2.1 213.08 NOTE
r-devel-linux-x86_64-fedora-gcc 0.2.1 213.79 NOTE
r-devel-windows-x86_64 0.2.1 16.00 165.00 181.00 OK
r-devel-windows-x86_64-gcc10-UCRT 0.2.1 NOTE
r-patched-linux-x86_64 0.2.1 11.02 171.65 182.67 OK
r-patched-solaris-x86 0.2.1 297.60 NOTE
r-release-linux-x86_64 0.2.1 10.56 171.92 182.48 OK
r-release-macos-arm64 0.2.1 NOTE
r-release-macos-x86_64 0.2.1 NOTE
r-release-windows-ix86+x86_64 0.2.1 14.00 208.00 222.00 OK
r-oldrel-macos-x86_64 0.2.1 NOTE
r-oldrel-windows-ix86+x86_64 0.2.1 20.00 227.00 247.00 OK

Check Details

Version: 0.2.1
Check: dependencies in R code
Result: NOTE
    Namespace in Imports field not imported from: ‘Deriv’
     All declared Imports should be used.
Flavors: r-devel-linux-x86_64-fedora-clang, r-devel-linux-x86_64-fedora-gcc, r-devel-windows-x86_64-gcc10-UCRT, r-patched-solaris-x86, r-release-macos-arm64, r-release-macos-x86_64, r-oldrel-macos-x86_64