Last updated on 2025-01-17 00:49:15 CET.
Flavor | Version | Tinstall | Tcheck | Ttotal | Status | Flags |
---|---|---|---|---|---|---|
r-devel-linux-x86_64-debian-clang | 1.0.1 | 105.80 | 46.51 | 152.31 | OK | |
r-devel-linux-x86_64-debian-gcc | 1.0.1 | 68.12 | 33.80 | 101.92 | OK | |
r-devel-linux-x86_64-fedora-clang | 1.0.1 | 309.05 | OK | |||
r-devel-linux-x86_64-fedora-gcc | 1.0.1 | 295.45 | OK | |||
r-devel-windows-x86_64 | 1.0.1 | 106.00 | 93.00 | 199.00 | OK | |
r-patched-linux-x86_64 | 1.0.1 | 103.90 | 44.27 | 148.17 | OK | |
r-release-linux-x86_64 | 1.0.1 | 96.76 | 45.22 | 141.98 | OK | |
r-release-macos-arm64 | 1.0.1 | 77.00 | NOTE | |||
r-release-macos-x86_64 | 1.0.1 | 65.00 | NOTE | |||
r-release-windows-x86_64 | 1.0.1 | 111.00 | 87.00 | 198.00 | OK | |
r-oldrel-macos-arm64 | 1.0.1 | 68.00 | NOTE | |||
r-oldrel-macos-x86_64 | 1.0.1 | 98.00 | NOTE | |||
r-oldrel-windows-x86_64 | 1.0.1 | 109.00 | 105.00 | 214.00 | OK |
Version: 1.0.1
Check: installed package size
Result: NOTE
installed size is 7.3Mb
sub-directories of 1Mb or more:
data 2.4Mb
libs 4.8Mb
Flavors: r-release-macos-arm64, r-release-macos-x86_64, r-oldrel-macos-arm64, r-oldrel-macos-x86_64