CRAN Package Check Results for Package regressoR

Last updated on 2022-12-08 00:52:29 CET.

Flavor Version Tinstall Tcheck Ttotal Status Flags
r-devel-linux-x86_64-debian-clang 2.0.1 22.12 167.08 189.20 OK
r-devel-linux-x86_64-debian-gcc 2.0.1 21.27 121.93 143.20 OK
r-devel-linux-x86_64-fedora-clang 2.0.1 239.95 NOTE
r-devel-linux-x86_64-fedora-gcc 2.0.1 238.36 OK
r-devel-windows-x86_64 2.0.1 107.00 192.00 299.00 OK
r-patched-linux-x86_64 2.0.1 24.05 157.28 181.33 OK
r-release-linux-x86_64 2.0.1 18.96 152.77 171.73 OK
r-release-macos-arm64 2.0.1 57.00 OK
r-release-macos-x86_64 2.0.1 97.00 OK
r-release-windows-x86_64 2.0.1 88.00 190.00 278.00 OK
r-oldrel-macos-arm64 2.0.1 65.00 OK
r-oldrel-macos-x86_64 2.0.1 82.00 OK
r-oldrel-windows-ix86+x86_64 2.0.1 52.00 181.00 233.00 OK

Check Details

Version: 2.0.1
Check: Rd cross-references
Result: NOTE
    Undeclared package ‘psych’ in Rd xrefs
Flavor: r-devel-linux-x86_64-fedora-clang