CRAN Package Check Results for Package relations

Last updated on 2023-06-02 01:00:36 CEST.

Flavor Version Tinstall Tcheck Ttotal Status Flags
r-devel-linux-x86_64-debian-clang 0.6-13 12.84 101.34 114.18 OK
r-devel-linux-x86_64-debian-gcc 0.6-13 8.62 75.68 84.30 OK
r-devel-linux-x86_64-fedora-clang 0.6-13 138.59 NOTE
r-devel-linux-x86_64-fedora-gcc 0.6-13 141.65 NOTE
r-devel-windows-x86_64 0.6-13 9.00 115.00 124.00 NOTE
r-patched-linux-x86_64 0.6-13 OK
r-release-linux-x86_64 0.6-13 11.87 96.29 108.16 OK
r-release-macos-arm64 0.6-13 51.00 NOTE
r-release-macos-x86_64 0.6-13 82.00 NOTE
r-release-windows-x86_64 0.6-13 12.00 123.00 135.00 NOTE
r-oldrel-macos-arm64 0.6-13 45.00 NOTE
r-oldrel-macos-x86_64 0.6-13 55.00 NOTE
r-oldrel-windows-x86_64 0.6-13 12.00 120.00 132.00 NOTE

Check Details

Version: 0.6-13
Check: package dependencies
Result: NOTE
    Package which this enhances but not available for checking: ‘Rcplex’
Flavors: r-devel-linux-x86_64-fedora-clang, r-devel-linux-x86_64-fedora-gcc, r-devel-windows-x86_64, r-release-macos-arm64, r-release-macos-x86_64, r-release-windows-x86_64, r-oldrel-macos-arm64, r-oldrel-macos-x86_64, r-oldrel-windows-x86_64

Version: 0.6-13
Check: Rd cross-references
Result: NOTE
    Undeclared package ‘graph’ in Rd xrefs
Flavor: r-devel-linux-x86_64-fedora-clang