CRAN Package Check Results for Package relliptical

Last updated on 2021-11-28 00:48:57 CET.

Flavor Version Tinstall Tcheck Ttotal Status Flags
r-devel-linux-x86_64-debian-clang 0.1.0 OK
r-devel-linux-x86_64-debian-gcc 0.9.0 68.85 47.57 116.42 OK
r-devel-linux-x86_64-fedora-clang 0.1.0 200.13 NOTE
r-devel-linux-x86_64-fedora-gcc 0.9.0 208.65 OK
r-devel-windows-x86_64-new-UL 0.1.0 102.00 141.00 243.00 OK
r-devel-windows-x86_64-new-TK 0.1.0 OK
r-devel-windows-x86_64-old 0.9.0 99.00 110.00 209.00 OK
r-patched-linux-x86_64 0.1.0 71.71 63.94 135.65 OK
r-patched-solaris-x86 0.9.0 172.20 WARN
r-release-linux-x86_64 0.1.0 OK
r-release-macos-arm64 0.9.0 WARN
r-release-macos-x86_64 0.1.0 WARN
r-release-windows-ix86+x86_64 0.1.0 191.00 110.00 301.00 OK
r-oldrel-macos-x86_64 0.1.0 WARN
r-oldrel-windows-ix86+x86_64 0.1.0 138.00 131.00 269.00 OK

Check Details

Version: 0.1.0
Check: installed package size
Result: NOTE
     installed size is 10.2Mb
     sub-directories of 1Mb or more:
     libs 10.0Mb
Flavors: r-devel-linux-x86_64-fedora-clang, r-release-macos-x86_64, r-oldrel-macos-x86_64

Version: 0.9.0
Check: compiled code
Result: WARN
    File ‘relliptical/libs/relliptical.so’:
     Found ‘__assert_c99’, possibly from ‘assert’ (C)
     Object: ‘Functions.o’
    
    Compiled code should not call entry points which might terminate R nor
    write to stdout/stderr instead of to the console, nor use Fortran I/O
    nor system RNGs.
    
    See ‘Writing portable packages’ in the ‘Writing R Extensions’ manual.
Flavor: r-patched-solaris-x86

Version: 0.9.0
Check: installed package size
Result: NOTE
     installed size is 15.3Mb
     sub-directories of 1Mb or more:
     libs 15.1Mb
Flavor: r-release-macos-arm64

Version: 0.9.0
Check: compiled code
Result: WARN
    File ‘relliptical/libs/relliptical.so’:
     Found ‘___assert_rtn’, possibly from ‘assert’ (C)
     Object: ‘Functions.o’
    
    Compiled code should not call entry points which might terminate R nor
    write to stdout/stderr instead of to the console, nor use Fortran I/O
    nor system RNGs.
    
    See ‘Writing portable packages’ in the ‘Writing R Extensions’ manual.
Flavor: r-release-macos-arm64

Version: 0.1.0
Check: compiled code
Result: WARN
    File ‘relliptical/libs/relliptical.so’:
     Found ‘___assert_rtn’, possibly from ‘assert’ (C)
     Object: ‘Functions.o’
    
    Compiled code should not call entry points which might terminate R nor
    write to stdout/stderr instead of to the console, nor use Fortran I/O
    nor system RNGs.
    
    See ‘Writing portable packages’ in the ‘Writing R Extensions’ manual.
Flavors: r-release-macos-x86_64, r-oldrel-macos-x86_64