CRAN Package Check Results for Package relliptical

Last updated on 2023-06-02 01:00:36 CEST.

Flavor Version Tinstall Tcheck Ttotal Status Flags
r-devel-linux-x86_64-debian-clang 1.2.0 55.30 67.64 122.94 NOTE
r-devel-linux-x86_64-debian-gcc 1.2.0 46.79 51.17 97.96 NOTE
r-devel-linux-x86_64-fedora-clang 1.2.0 166.67 NOTE
r-devel-linux-x86_64-fedora-gcc 1.2.0 177.09 NOTE
r-devel-windows-x86_64 1.2.0 46.00 90.00 136.00 NOTE
r-patched-linux-x86_64 1.2.0 NOTE
r-release-linux-x86_64 1.2.0 54.13 64.67 118.80 NOTE
r-release-macos-arm64 1.2.0 50.00 NOTE
r-release-macos-x86_64 1.2.0 80.00 NOTE
r-release-windows-x86_64 1.2.0 61.00 102.00 163.00 NOTE
r-oldrel-macos-arm64 1.2.0 55.00 NOTE
r-oldrel-macos-x86_64 1.2.0 59.00 NOTE
r-oldrel-windows-x86_64 1.2.0 56.00 102.00 158.00 OK

Check Details

Version: 1.2.0
Check: C++ specification
Result: NOTE
     Specified C++11: please drop specification unless essential
Flavors: r-devel-linux-x86_64-debian-clang, r-devel-linux-x86_64-debian-gcc, r-devel-linux-x86_64-fedora-clang, r-devel-linux-x86_64-fedora-gcc, r-devel-windows-x86_64, r-patched-linux-x86_64, r-release-linux-x86_64, r-release-macos-arm64, r-release-macos-x86_64, r-release-windows-x86_64

Version: 1.2.0
Check: package subdirectories
Result: NOTE
    Problems with news in ‘NEWS.md’:
    No news entries found.
Flavors: r-devel-linux-x86_64-debian-clang, r-devel-linux-x86_64-debian-gcc, r-devel-linux-x86_64-fedora-clang, r-devel-linux-x86_64-fedora-gcc, r-devel-windows-x86_64, r-patched-linux-x86_64, r-release-linux-x86_64, r-release-macos-arm64, r-release-macos-x86_64, r-release-windows-x86_64

Version: 1.2.0
Check: installed package size
Result: NOTE
     installed size is 6.7Mb
     sub-directories of 1Mb or more:
     libs 6.5Mb
Flavors: r-release-macos-arm64, r-release-macos-x86_64, r-oldrel-macos-arm64, r-oldrel-macos-x86_64