CRAN Package Check Results for Package remaCor

Last updated on 2024-06-13 00:55:29 CEST.

Flavor Version Tinstall Tcheck Ttotal Status Flags
r-devel-linux-x86_64-debian-clang 0.0.18 35.12 68.98 104.10 OK
r-devel-linux-x86_64-debian-gcc 0.0.18 0.44 1.84 2.28 ERROR
r-devel-linux-x86_64-fedora-clang 0.0.18 143.06 OK
r-devel-linux-x86_64-fedora-gcc 0.0.18 152.62 OK
r-devel-windows-x86_64 0.0.18 30.00 93.00 123.00 OK
r-patched-linux-x86_64 0.0.18 31.78 66.16 97.94 OK
r-release-linux-x86_64 0.0.18 30.73 64.03 94.76 OK
r-release-macos-arm64 0.0.18 46.00 OK
r-release-macos-x86_64 0.0.18 67.00 OK
r-release-windows-x86_64 0.0.18 33.00 96.00 129.00 OK
r-oldrel-macos-arm64 0.0.18 55.00 OK
r-oldrel-macos-x86_64 0.0.18 91.00 OK
r-oldrel-windows-x86_64 0.0.18 37.00 107.00 144.00 OK

Check Details

Version: 0.0.18
Check: package dependencies
Result: ERROR Packages required but not available: 'ggplot2', 'reshape2', 'EnvStats' See section ‘The DESCRIPTION file’ in the ‘Writing R Extensions’ manual. Flavor: r-devel-linux-x86_64-debian-gcc