CRAN Package Check Results for Package remote

Last updated on 2024-07-20 00:57:01 CEST.

Flavor Version Tinstall Tcheck Ttotal Status Flags
r-devel-linux-x86_64-debian-clang 1.2.1 61.09 363.42 424.51 NOTE
r-devel-linux-x86_64-debian-gcc 1.2.1 42.42 269.54 311.96 NOTE
r-devel-linux-x86_64-fedora-clang 1.2.1 554.10 NOTE
r-devel-linux-x86_64-fedora-gcc 1.2.1 489.37 NOTE
r-devel-windows-x86_64 1.2.1 47.00 244.00 291.00 NOTE
r-patched-linux-x86_64 1.2.1 54.89 342.31 397.20 NOTE
r-release-linux-x86_64 1.2.1 47.97 342.10 390.07 NOTE
r-release-macos-arm64 1.2.1 113.00 OK
r-release-macos-x86_64 1.2.1 205.00 OK
r-release-windows-x86_64 1.2.1 48.00 242.00 290.00 OK
r-oldrel-macos-arm64 1.2.1 119.00 OK
r-oldrel-macos-x86_64 1.2.1 226.00 OK
r-oldrel-windows-x86_64 1.2.1 64.00 325.00 389.00 OK

Additional issues

donttest

Check Details

Version: 1.2.1
Check: for non-standard things in the check directory
Result: NOTE Found the following files/directories: ‘vdendool_mode_01_int_predictor.grd’ ‘vdendool_mode_01_int_predictor.gri’ ‘vdendool_mode_01_int_response.grd’ ‘vdendool_mode_01_int_response.gri’ ‘vdendool_mode_01_p_predictor.grd’ ‘vdendool_mode_01_p_predictor.gri’ ‘vdendool_mode_01_p_response.grd’ ‘vdendool_mode_01_p_response.gri’ ‘vdendool_mode_01_r_predictor.grd’ ‘vdendool_mode_01_r_predictor.gri’ ‘vdendool_mode_01_r_response.grd’ ‘vdendool_mode_01_r_response.gri’ ‘vdendool_mode_01_resid_predictor.grd’ ‘vdendool_mode_01_resid_predictor.gri’ ‘vdendool_mode_01_resid_response.grd’ ‘vdendool_mode_01_resid_response.gri’ ‘vdendool_mode_01_rsq_predictor.grd’ ‘vdendool_mode_01_rsq_predictor.gri’ ‘vdendool_mode_01_rsq_response.grd’ ‘vdendool_mode_01_rsq_response.gri’ ‘vdendool_mode_01_rsq_sums_predictor.grd’ ‘vdendool_mode_01_rsq_sums_predictor.gri’ ‘vdendool_mode_01_slp_predictor.grd’ ‘vdendool_mode_01_slp_predictor.gri’ ‘vdendool_mode_01_slp_response.grd’ ‘vdendool_mode_01_slp_response.gri’ ‘vdendool_mode_02_int_predictor.grd’ ‘vdendool_mode_02_int_predictor.gri’ ‘vdendool_mode_02_int_response.grd’ ‘vdendool_mode_02_int_response.gri’ ‘vdendool_mode_02_p_predictor.grd’ ‘vdendool_mode_02_p_predictor.gri’ ‘vdendool_mode_02_p_response.grd’ ‘vdendool_mode_02_p_response.gri’ ‘vdendool_mode_02_r_predictor.grd’ ‘vdendool_mode_02_r_predictor.gri’ ‘vdendool_mode_02_r_response.grd’ ‘vdendool_mode_02_r_response.gri’ ‘vdendool_mode_02_resid_predictor.grd’ ‘vdendool_mode_02_resid_predictor.gri’ ‘vdendool_mode_02_resid_response.grd’ ‘vdendool_mode_02_resid_response.gri’ ‘vdendool_mode_02_rsq_predictor.grd’ ‘vdendool_mode_02_rsq_predictor.gri’ ‘vdendool_mode_02_rsq_response.grd’ ‘vdendool_mode_02_rsq_response.gri’ ‘vdendool_mode_02_rsq_sums_predictor.grd’ ‘vdendool_mode_02_rsq_sums_predictor.gri’ ‘vdendool_mode_02_slp_predictor.grd’ ‘vdendool_mode_02_slp_predictor.gri’ ‘vdendool_mode_02_slp_response.grd’ ‘vdendool_mode_02_slp_response.gri’ Flavors: r-devel-linux-x86_64-debian-clang, r-devel-linux-x86_64-debian-gcc, r-devel-linux-x86_64-fedora-clang, r-devel-linux-x86_64-fedora-gcc, r-patched-linux-x86_64, r-release-linux-x86_64

Version: 1.2.1
Check: compiled code
Result: NOTE File ‘remote/libs/remote.so’: Found no calls to: ‘R_registerRoutines’, ‘R_useDynamicSymbols’ It is good practice to register native routines and to disable symbol search. See ‘Writing portable packages’ in the ‘Writing R Extensions’ manual. Flavors: r-devel-linux-x86_64-fedora-clang, r-devel-linux-x86_64-fedora-gcc

Version: 1.2.1
Check: Rd cross-references
Result: NOTE Found the following Rd file(s) with Rd \link{} targets missing package anchors: anomalize.Rd: calc, writeRaster covWeight.Rd: getValues deseason.Rd: writeRaster predict.Rd: calc remote-package.Rd: raster-package writeEot.Rd: writeRaster Please provide package anchors for all Rd \link{} targets not in the package itself and the base packages. Flavor: r-devel-windows-x86_64