CRAN Package Check Results for Package remotePARTS

Last updated on 2024-04-24 00:55:55 CEST.

Flavor Version Tinstall Tcheck Ttotal Status Flags
r-devel-linux-x86_64-debian-clang 1.0.4 128.49 356.87 485.36 OK
r-devel-linux-x86_64-debian-gcc 1.0.4 109.25 274.20 383.45 OK
r-devel-linux-x86_64-fedora-clang 1.0.4 614.07 OK
r-devel-linux-x86_64-fedora-gcc 1.0.4 680.28 OK
r-prerel-macos-arm64 1.0.4 181.00 NOTE
r-prerel-windows-x86_64 1.0.4 96.00 311.00 407.00 OK
r-patched-linux-x86_64 1.0.4 131.35 388.62 519.97 OK
r-release-linux-x86_64 1.0.4 135.96 384.46 520.42 OK
r-release-macos-arm64 1.0.4 206.00 NOTE
r-release-macos-x86_64 1.0.4 392.00 NOTE
r-release-windows-x86_64 1.0.4 119.00 389.00 508.00 OK
r-oldrel-macos-arm64 1.0.4 195.00 NOTE
r-oldrel-windows-x86_64 1.0.4 112.00 363.00 475.00 OK

Check Details

Version: 1.0.4
Check: installed package size
Result: NOTE installed size is 25.2Mb sub-directories of 1Mb or more: libs 23.8Mb Flavors: r-prerel-macos-arm64, r-release-macos-arm64, r-release-macos-x86_64, r-oldrel-macos-arm64