Last updated on 2023-05-30 00:59:55 CEST.
Flavor | Version | Tinstall | Tcheck | Ttotal | Status | Flags |
---|---|---|---|---|---|---|
r-devel-linux-x86_64-debian-clang | 1.23.2 | 9.96 | 106.47 | 116.43 | NOTE | |
r-devel-linux-x86_64-debian-gcc | 1.23.2 | 6.41 | 80.47 | 86.88 | NOTE | |
r-devel-linux-x86_64-fedora-clang | 1.23.2 | 145.50 | NOTE | |||
r-devel-linux-x86_64-fedora-gcc | 1.23.2 | 145.00 | NOTE | |||
r-devel-windows-x86_64 | 1.23.2 | 11.00 | 125.00 | 136.00 | NOTE | |
r-patched-linux-x86_64 | 1.23.2 | 6.09 | 100.28 | 106.37 | NOTE | |
r-release-linux-x86_64 | 1.23.2 | 5.02 | 100.80 | 105.82 | NOTE | |
r-release-macos-arm64 | 1.23.2 | 59.00 | NOTE | |||
r-release-macos-x86_64 | 1.23.2 | 79.00 | NOTE | |||
r-release-windows-x86_64 | 1.23.2 | 10.00 | 121.00 | 131.00 | NOTE | |
r-oldrel-macos-arm64 | 1.23.2 | 51.00 | OK | |||
r-oldrel-macos-x86_64 | 1.23.2 | 80.00 | OK | |||
r-oldrel-windows-x86_64 | 1.23.2 | 12.00 | 127.00 | 139.00 | OK |
Version: 1.23.2
Check: package subdirectories
Result: NOTE
Problems with news in ‘NEWS.md’:
No news entries found.
Flavors: r-devel-linux-x86_64-debian-clang, r-devel-linux-x86_64-debian-gcc, r-devel-linux-x86_64-fedora-clang, r-devel-linux-x86_64-fedora-gcc, r-devel-windows-x86_64, r-patched-linux-x86_64, r-release-linux-x86_64, r-release-macos-arm64, r-release-macos-x86_64, r-release-windows-x86_64