CRAN Package Check Results for Package repoRter.nih

Last updated on 2024-06-20 00:59:42 CEST.

Flavor Version Tinstall Tcheck Ttotal Status Flags
r-devel-linux-x86_64-debian-clang 0.1.4 8.02 77.44 85.46 OK
r-devel-linux-x86_64-debian-gcc 0.1.4 5.19 57.95 63.14 OK
r-devel-linux-x86_64-fedora-clang 0.1.4 106.83 OK
r-devel-linux-x86_64-fedora-gcc 0.1.4 115.45 OK
r-devel-windows-x86_64 0.1.4 8.00 95.00 103.00 OK
r-patched-linux-x86_64 0.1.4 7.17 74.94 82.11 OK
r-release-linux-x86_64 0.1.4 4.05 73.75 77.80 OK
r-release-macos-arm64 0.1.4 50.00 OK
r-release-macos-x86_64 0.1.4 71.00 OK
r-release-windows-x86_64 0.1.4 7.00 82.00 89.00 ERROR
r-oldrel-macos-arm64 0.1.4 54.00 OK
r-oldrel-macos-x86_64 0.1.4 68.00 OK
r-oldrel-windows-x86_64 0.1.4 8.00 106.00 114.00 OK

Check Details

Version: 0.1.4
Check: re-building of vignette outputs
Result: ERROR Error(s) in re-building vignettes: --- re-building 'repoRter_nih.Rmd' using rmarkdown Quitting from lines 34-52 [unnamed-chunk-1] (repoRter_nih.Rmd) Error: processing vignette 'repoRter_nih.Rmd' failed with diagnostics: Timeout was reached: [api.reporter.nih.gov] Resolving timed out after 10000 milliseconds --- failed re-building 'repoRter_nih.Rmd' SUMMARY: processing the following file failed: 'repoRter_nih.Rmd' Error: Vignette re-building failed. Execution halted Flavor: r-release-windows-x86_64