CRAN Package Check Results for Package repolr

Last updated on 2021-10-20 00:49:51 CEST.

Flavor Version Tinstall Tcheck Ttotal Status Flags
r-devel-linux-x86_64-debian-clang 3.4 164.41 37.82 202.23 OK
r-devel-linux-x86_64-debian-gcc 3.4 123.27 29.28 152.55 OK
r-devel-linux-x86_64-fedora-clang 3.4 318.54 NOTE
r-devel-linux-x86_64-fedora-gcc 3.4 284.31 NOTE
r-devel-windows-x86_64 3.4 198.00 59.00 257.00 OK
r-devel-windows-x86_64-gcc10-UCRT 3.4 OK
r-patched-linux-x86_64 3.4 145.89 36.22 182.11 OK
r-patched-solaris-x86 3.4 237.70 OK
r-release-linux-x86_64 3.4 149.87 36.94 186.81 OK
r-release-macos-arm64 3.4 NOTE
r-release-macos-x86_64 3.4 NOTE
r-release-windows-ix86+x86_64 3.4 296.00 103.00 399.00 OK
r-oldrel-macos-x86_64 3.4 NOTE
r-oldrel-windows-ix86+x86_64 3.4 411.00 92.00 503.00 OK

Check Details

Version: 3.4
Check: installed package size
Result: NOTE
     installed size is 11.4Mb
     sub-directories of 1Mb or more:
     libs 11.2Mb
Flavors: r-devel-linux-x86_64-fedora-clang, r-release-macos-arm64, r-release-macos-x86_64, r-oldrel-macos-x86_64

Version: 3.4
Check: compiled code
Result: NOTE
    File ‘repolr/libs/repolr.so’:
     Found no calls to: ‘R_registerRoutines’, ‘R_useDynamicSymbols’
    
    It is good practice to register native routines and to disable symbol
    search.
    
    See ‘Writing portable packages’ in the ‘Writing R Extensions’ manual.
Flavors: r-devel-linux-x86_64-fedora-clang, r-devel-linux-x86_64-fedora-gcc