CRAN Package Check Results for Package repurrrsive

Last updated on 2024-04-20 00:56:21 CEST.

Flavor Version Tinstall Tcheck Ttotal Status Flags
r-devel-linux-x86_64-debian-clang 1.1.0 3.87 53.28 57.15 OK
r-devel-linux-x86_64-debian-gcc 1.1.0 OK
r-devel-linux-x86_64-fedora-clang 1.1.0 68.73 NOTE
r-devel-linux-x86_64-fedora-gcc 1.1.0 66.10 NOTE
r-prerel-macos-arm64 1.1.0 23.00 OK
r-prerel-windows-x86_64 1.1.0 6.00 65.00 71.00 OK
r-patched-linux-x86_64 1.1.0 5.07 50.22 55.29 OK
r-release-linux-x86_64 1.1.0 4.58 49.33 53.91 OK
r-release-macos-arm64 1.1.0 26.00 OK
r-release-macos-x86_64 1.1.0 34.00 OK
r-release-windows-x86_64 1.1.0 8.00 70.00 78.00 OK
r-oldrel-macos-arm64 1.1.0 28.00 OK
r-oldrel-windows-x86_64 1.1.0 7.00 75.00 82.00 OK

Check Details

Version: 1.1.0
Check: Rd cross-references
Result: NOTE Undeclared package ‘wesanderson’ in Rd xrefs Flavor: r-devel-linux-x86_64-fedora-clang

Version: 1.1.0
Check: data for non-ASCII characters
Result: NOTE Note: found 25 marked UTF-8 strings Flavors: r-devel-linux-x86_64-fedora-clang, r-devel-linux-x86_64-fedora-gcc