CRAN Package Check Results for Package respR

Last updated on 2024-07-25 00:52:07 CEST.

Flavor Version Tinstall Tcheck Ttotal Status Flags
r-devel-linux-x86_64-debian-clang 2.3.3 22.30 175.47 197.77 OK
r-devel-linux-x86_64-debian-gcc 2.3.3 16.76 130.79 147.55 NOTE
r-devel-linux-x86_64-fedora-clang 2.3.3 265.93 OK
r-devel-linux-x86_64-fedora-gcc 2.3.3 226.46 OK
r-devel-windows-x86_64 2.3.3 23.00 153.00 176.00 NOTE
r-patched-linux-x86_64 2.3.3 30.74 164.68 195.42 OK
r-release-linux-x86_64 2.3.3 16.06 165.15 181.21 OK
r-release-macos-arm64 2.3.3 66.00 OK
r-release-macos-x86_64 2.3.3 93.00 OK
r-release-windows-x86_64 2.3.3 20.00 155.00 175.00 OK
r-oldrel-macos-arm64 2.3.3 65.00 OK
r-oldrel-macos-x86_64 2.3.3 163.00 OK
r-oldrel-windows-x86_64 2.3.3 26.00 183.00 209.00 OK

Check Details

Version: 2.3.3
Check: Rd cross-references
Result: NOTE Found the following Rd file(s) with Rd \link{} targets missing package anchors: format_time.Rd: lubridate Please provide package anchors for all Rd \link{} targets not in the package itself and the base packages. Flavors: r-devel-linux-x86_64-debian-gcc, r-devel-windows-x86_64