CRAN Package Check Results for Package reticulate

Last updated on 2021-10-21 00:49:57 CEST.

Flavor Version Tinstall Tcheck Ttotal Status Flags
r-devel-linux-x86_64-debian-clang 1.22 47.66 94.95 142.61 OK
r-devel-linux-x86_64-debian-gcc 1.22 33.34 72.52 105.86 OK
r-devel-linux-x86_64-fedora-clang 1.22 203.37 OK
r-devel-linux-x86_64-fedora-gcc 1.22 178.52 OK
r-devel-windows-x86_64 1.22 68.00 115.00 183.00 OK
r-devel-windows-x86_64-gcc10-UCRT 1.22 OK
r-patched-linux-x86_64 1.22 42.09 96.28 138.37 OK
r-patched-solaris-x86 1.22 213.50 OK
r-release-linux-x86_64 1.22 42.48 95.68 138.16 OK
r-release-macos-arm64 1.22 NOTE
r-release-macos-x86_64 1.22 OK
r-release-windows-ix86+x86_64 1.22 84.00 214.00 298.00 OK
r-oldrel-macos-x86_64 1.22 OK
r-oldrel-windows-ix86+x86_64 1.22 125.00 256.00 381.00 OK

Check Details

Version: 1.22
Check: installed package size
Result: NOTE
     installed size is 5.4Mb
     sub-directories of 1Mb or more:
     libs 4.1Mb
Flavor: r-release-macos-arm64