CRAN Package Check Results for Package retistruct

Last updated on 2021-10-23 00:49:06 CEST.

Flavor Version Tinstall Tcheck Ttotal Status Flags
r-devel-linux-x86_64-debian-clang 0.6.3 28.94 128.65 157.59 OK
r-devel-linux-x86_64-debian-gcc 0.6.3 23.11 95.24 118.35 OK
r-devel-linux-x86_64-fedora-clang 0.6.3 201.06 NOTE
r-devel-linux-x86_64-fedora-gcc 0.6.3 194.77 NOTE
r-devel-windows-x86_64 0.6.3 47.00 117.00 164.00 OK
r-devel-windows-x86_64-gcc10-UCRT 0.6.3 NOTE
r-patched-linux-x86_64 0.6.3 28.91 126.70 155.61 OK
r-patched-solaris-x86 0.6.3 266.10 NOTE
r-release-linux-x86_64 0.6.3 25.09 125.71 150.80 OK
r-release-macos-arm64 0.6.3 NOTE
r-release-macos-x86_64 0.6.3 NOTE
r-release-windows-ix86+x86_64 0.6.3 36.00 245.00 281.00 OK
r-oldrel-macos-x86_64 0.6.3 NOTE
r-oldrel-windows-ix86+x86_64 0.6.3 52.00 301.00 353.00 OK

Check Details

Version: 0.6.3
Check: package dependencies
Result: NOTE
    Suggests orphaned packages:
     ‘RGtk2’ ‘cairoDevice’
Flavor: r-devel-linux-x86_64-fedora-clang

Version: 0.6.3
Check: dependencies in R code
Result: NOTE
    Namespace in Imports field not imported from: ‘RTriangle’
     All declared Imports should be used.
Flavors: r-devel-linux-x86_64-fedora-clang, r-devel-linux-x86_64-fedora-gcc, r-devel-windows-x86_64-gcc10-UCRT, r-patched-solaris-x86, r-release-macos-arm64, r-release-macos-x86_64, r-oldrel-macos-x86_64

Version: 0.6.3
Check: package dependencies
Result: NOTE
    Packages suggested but not available for checking:
     'gWidgets2RGtk2', 'cairoDevice', 'RGtk2'
Flavors: r-devel-windows-x86_64-gcc10-UCRT, r-release-macos-arm64