CRAN Package Check Results for Package retractcheck

Last updated on 2021-10-16 00:49:27 CEST.

Flavor Version Tinstall Tcheck Ttotal Status Flags
r-devel-linux-x86_64-debian-clang 1.0.0 2.28 21.03 23.31 NOTE
r-devel-linux-x86_64-debian-gcc 1.0.0 1.77 16.64 18.41 NOTE
r-devel-linux-x86_64-fedora-clang 1.0.0 39.36 NOTE
r-devel-linux-x86_64-fedora-gcc 1.0.0 27.83 NOTE
r-devel-windows-x86_64 1.0.0 6.00 33.00 39.00 NOTE
r-devel-windows-x86_64-gcc10-UCRT 1.0.0 NOTE
r-patched-linux-x86_64 1.0.0 2.57 20.77 23.34 NOTE
r-patched-solaris-x86 1.0.0 45.50 NOTE
r-release-linux-x86_64 1.0.0 2.38 20.44 22.82 NOTE
r-release-macos-arm64 1.0.0 NOTE
r-release-macos-x86_64 1.0.0 NOTE
r-release-windows-ix86+x86_64 1.0.0 6.00 38.00 44.00 NOTE
r-oldrel-macos-x86_64 1.0.0 OK
r-oldrel-windows-ix86+x86_64 1.0.0 7.00 38.00 45.00 OK

Check Details

Version: 1.0.0
Check: LazyData
Result: NOTE
     'LazyData' is specified without a 'data' directory
Flavors: r-devel-linux-x86_64-debian-clang, r-devel-linux-x86_64-debian-gcc, r-devel-linux-x86_64-fedora-clang, r-devel-linux-x86_64-fedora-gcc, r-devel-windows-x86_64, r-devel-windows-x86_64-gcc10-UCRT, r-patched-linux-x86_64, r-patched-solaris-x86, r-release-linux-x86_64, r-release-macos-arm64, r-release-macos-x86_64, r-release-windows-ix86+x86_64