CRAN Package Check Results for Package retry

Last updated on 2023-12-11 00:49:18 CET.

Flavor Version Tinstall Tcheck Ttotal Status Flags
r-devel-linux-x86_64-debian-clang 0.1.0 2.43 31.55 33.98 NOTE
r-devel-linux-x86_64-debian-gcc 0.1.0 2.03 24.89 26.92 NOTE
r-devel-linux-x86_64-fedora-clang 0.1.0 41.60 NOTE
r-devel-linux-x86_64-fedora-gcc 0.1.0 42.07 NOTE
r-devel-windows-x86_64 0.1.0 3.00 60.00 63.00 NOTE
r-patched-linux-x86_64 0.1.0 2.81 31.27 34.08 NOTE
r-release-linux-x86_64 0.1.0 2.14 31.83 33.97 NOTE
r-release-macos-arm64 0.1.0 27.00 NOTE
r-release-macos-x86_64 0.1.0 33.00 NOTE
r-release-windows-x86_64 0.1.0 4.00 60.00 64.00 NOTE
r-oldrel-macos-arm64 0.1.0 31.00 NOTE
r-oldrel-macos-x86_64 0.1.0 36.00 NOTE
r-oldrel-windows-x86_64 0.1.0 4.00 63.00 67.00 NOTE

Check Details

Version: 0.1.0
Check: Rd metadata
Result: NOTE Rd files without \alias: ‘retry-package.Rd’ Flavors: r-devel-linux-x86_64-debian-clang, r-devel-linux-x86_64-debian-gcc, r-devel-linux-x86_64-fedora-clang, r-devel-linux-x86_64-fedora-gcc, r-devel-windows-x86_64

Version: 0.1.0
Check: LazyData
Result: NOTE 'LazyData' is specified without a 'data' directory Flavors: r-devel-linux-x86_64-debian-clang, r-devel-linux-x86_64-debian-gcc, r-devel-linux-x86_64-fedora-clang, r-devel-linux-x86_64-fedora-gcc, r-devel-windows-x86_64, r-patched-linux-x86_64, r-release-linux-x86_64, r-release-macos-arm64, r-release-macos-x86_64, r-release-windows-x86_64, r-oldrel-macos-arm64, r-oldrel-macos-x86_64, r-oldrel-windows-x86_64